Last updated on 2025-05-05 01:50:46 CEST.
Flavor | Version | Tinstall | Tcheck | Ttotal | Status | Flags |
---|---|---|---|---|---|---|
r-devel-linux-x86_64-debian-clang | 1.1 | 7.35 | 61.42 | 68.77 | NOTE | |
r-devel-linux-x86_64-debian-gcc | 1.1 | 6.07 | 46.64 | 52.71 | NOTE | |
r-devel-linux-x86_64-fedora-clang | 1.1 | 106.85 | OK | |||
r-devel-linux-x86_64-fedora-gcc | 1.1 | 107.91 | OK | |||
r-devel-windows-x86_64 | 1.1 | 8.00 | 71.00 | 79.00 | OK | |
r-patched-linux-x86_64 | 1.1 | 6.79 | 59.11 | 65.90 | OK | |
r-release-linux-x86_64 | 1.1 | 6.39 | 58.80 | 65.19 | OK | |
r-release-macos-arm64 | 1.1 | 39.00 | OK | |||
r-release-macos-x86_64 | 1.1 | 115.00 | OK | |||
r-release-windows-x86_64 | 1.1 | 9.00 | 70.00 | 79.00 | OK | |
r-oldrel-macos-arm64 | 1.1 | 35.00 | NOTE | |||
r-oldrel-macos-x86_64 | 1.1 | 48.00 | NOTE | |||
r-oldrel-windows-x86_64 | 1.1 | 11.00 | 85.00 | 96.00 | NOTE |
Version: 1.1
Check: CRAN incoming feasibility
Result: NOTE
Maintainer: ‘Pi Guo <guopi.01@163.com>’
No Authors@R field in DESCRIPTION.
Please add one, modifying
Authors@R: person(given = "Pi",
family = "Guo",
role = c("aut", "cre"),
email = "guopi.01@163.com")
as necessary.
Flavors: r-devel-linux-x86_64-debian-clang, r-devel-linux-x86_64-debian-gcc
Version: 1.1
Check: LazyData
Result: NOTE
'LazyData' is specified without a 'data' directory
Flavors: r-oldrel-macos-arm64, r-oldrel-macos-x86_64, r-oldrel-windows-x86_64