Last updated on 2024-05-21 02:02:00 CEST.
Flavor | Version | Tinstall | Tcheck | Ttotal | Status | Flags |
---|---|---|---|---|---|---|
r-devel-linux-x86_64-debian-clang | 0.1.2.2 | 4.09 | 57.87 | 61.96 | NOTE | |
r-devel-linux-x86_64-debian-gcc | 0.1.2.2 | 3.42 | 40.88 | 44.30 | NOTE | |
r-devel-linux-x86_64-fedora-clang | 0.1.2.2 | 79.08 | NOTE | |||
r-devel-linux-x86_64-fedora-gcc | 0.1.2.2 | 71.48 | NOTE | |||
r-devel-windows-x86_64 | 0.1.2.2 | 4.00 | 65.00 | 69.00 | NOTE | |
r-patched-linux-x86_64 | 0.1.2.2 | 4.90 | 56.05 | 60.95 | NOTE | |
r-release-linux-x86_64 | 0.1.2.2 | 4.96 | 52.78 | 57.74 | NOTE | |
r-release-macos-arm64 | 0.1.2.2 | 28.00 | NOTE | |||
r-release-windows-x86_64 | 0.1.2.2 | 4.00 | 67.00 | 71.00 | NOTE | |
r-oldrel-macos-arm64 | 0.1.2.2 | 26.00 | NOTE | |||
r-oldrel-macos-x86_64 | 0.1.2.2 | 39.00 | NOTE | |||
r-oldrel-windows-x86_64 | 0.1.2.2 | 4.00 | 72.00 | 76.00 | NOTE |
Version: 0.1.2.2
Check: Rd files
Result: NOTE
checkRd: (-1) AuditErrors.Rd:40: Escaped LaTeX specials: \_
checkRd: (-1) compute.audit.errors.Rd:24: Escaped LaTeX specials: \_
checkRd: (-1) compute.stark.t.Rd:35: Escaped LaTeX specials: \_ \_
checkRd: (-1) find.q.Rd:44: Escaped LaTeX specials: \_
checkRd: (-1) find.q.Rd:56: Escaped LaTeX specials: \_
checkRd: (-1) stark.test.Rd:50: Escaped LaTeX specials: \$
checkRd: (-1) stark.test.Rd:101: Escaped LaTeX specials: \$ \$
checkRd: (-1) tri.audit.sim.Rd:47: Escaped LaTeX specials: \_
checkRd: (-1) tri.calc.sample.Rd:34: Escaped LaTeX specials: \_
checkRd: (-1) tri.sample.Rd:34: Escaped LaTeX specials: \$
checkRd: (-1) tri.sample.Rd:36: Escaped LaTeX specials: \$
checkRd: (-1) tri.sample.Rd:49: Escaped LaTeX specials: \$
checkRd: (-1) weight.function.Rd:16: Escaped LaTeX specials: \_
Flavors: r-devel-linux-x86_64-debian-clang, r-devel-linux-x86_64-debian-gcc, r-devel-linux-x86_64-fedora-clang, r-devel-linux-x86_64-fedora-gcc, r-devel-windows-x86_64, r-patched-linux-x86_64, r-release-linux-x86_64, r-release-macos-arm64, r-release-windows-x86_64, r-oldrel-macos-arm64, r-oldrel-macos-x86_64, r-oldrel-windows-x86_64