Last updated on 2025-10-30 01:49:58 CET.
| Flavor | Version | Tinstall | Tcheck | Ttotal | Status | Flags | 
|---|---|---|---|---|---|---|
| r-devel-linux-x86_64-debian-clang | 0.5.0 | 2.26 | 24.66 | 26.92 | NOTE | |
| r-devel-linux-x86_64-debian-gcc | 0.5.0 | 1.73 | 19.50 | 21.23 | NOTE | |
| r-devel-linux-x86_64-fedora-clang | 0.5.0 | 38.02 | OK | |||
| r-devel-linux-x86_64-fedora-gcc | 0.5.0 | 36.12 | OK | |||
| r-devel-windows-x86_64 | 0.5.0 | 3.00 | 46.00 | 49.00 | OK | |
| r-patched-linux-x86_64 | 0.5.0 | 2.23 | 22.18 | 24.41 | OK | |
| r-release-linux-x86_64 | 0.5.0 | 2.01 | 22.26 | 24.27 | OK | |
| r-release-macos-arm64 | 0.5.0 | 1.00 | 15.00 | 16.00 | OK | |
| r-release-macos-x86_64 | 0.5.0 | 2.00 | 24.00 | 26.00 | OK | |
| r-release-windows-x86_64 | 0.5.0 | 3.00 | 44.00 | 47.00 | OK | |
| r-oldrel-macos-arm64 | 0.5.0 | 1.00 | 19.00 | 20.00 | OK | |
| r-oldrel-macos-x86_64 | 0.5.0 | 2.00 | 22.00 | 24.00 | OK | |
| r-oldrel-windows-x86_64 | 0.5.0 | 4.00 | 50.00 | 54.00 | OK | 
Version: 0.5.0
Check: CRAN incoming feasibility
Result: NOTE
  Maintainer: ‘Duncan Murdoch <murdoch.duncan@gmail.com>’
  
  No Authors@R field in DESCRIPTION.
  Please add one, modifying
    Authors@R: c(person(given = "Duncan",
                        family = "Murdoch",
                        role = c("aut", "cre"),
                        email = "murdoch.duncan@gmail.com"),
                 person(given = c("E.", "D."),
                        family = "Chow",
                        role = "aut",
                        comment = "porting to R by Jesus M. Frias Celayeta"))
  as necessary.
Flavors: r-devel-linux-x86_64-debian-clang, r-devel-linux-x86_64-debian-gcc