Last updated on 2025-05-09 01:50:03 CEST.
Flavor | Version | Tinstall | Tcheck | Ttotal | Status | Flags |
---|---|---|---|---|---|---|
r-devel-linux-x86_64-debian-clang | 0.1.0 | 5.53 | 26.79 | 32.32 | OK | |
r-devel-linux-x86_64-debian-gcc | 0.1.0 | 3.94 | 21.66 | 25.60 | OK | |
r-devel-linux-x86_64-fedora-clang | 0.1.0 | 50.48 | OK | |||
r-devel-linux-x86_64-fedora-gcc | 0.1.0 | 51.11 | OK | |||
r-devel-windows-x86_64 | 0.1.0 | 9.00 | 50.00 | 59.00 | OK | |
r-patched-linux-x86_64 | 0.1.0 | 6.72 | 25.87 | 32.59 | OK | |
r-release-linux-x86_64 | 0.1.0 | 5.74 | 25.69 | 31.43 | OK | |
r-release-macos-arm64 | 0.1.0 | 24.00 | OK | |||
r-release-macos-x86_64 | 0.1.0 | 49.00 | OK | |||
r-release-windows-x86_64 | 0.1.0 | 10.00 | 52.00 | 62.00 | OK | |
r-oldrel-macos-arm64 | 0.1.0 | 28.00 | OK | |||
r-oldrel-macos-x86_64 | 0.1.0 | 71.00 | NOTE | |||
r-oldrel-windows-x86_64 | 0.1.0 | 11.00 | 56.00 | 67.00 | OK |
Version: 0.1.0
Check: installed package size
Result: NOTE
installed size is 5.5Mb
sub-directories of 1Mb or more:
data 5.4Mb
Flavor: r-oldrel-macos-x86_64