Last updated on 2025-10-31 01:48:56 CET.
| Flavor | Version | Tinstall | Tcheck | Ttotal | Status | Flags | 
|---|---|---|---|---|---|---|
| r-devel-linux-x86_64-debian-clang | 0.5.1 | 4.20 | 70.16 | 74.36 | NOTE | |
| r-devel-linux-x86_64-debian-gcc | 0.5.1 | 3.48 | 51.32 | 54.80 | NOTE | |
| r-devel-linux-x86_64-fedora-clang | 0.5.1 | 113.81 | OK | |||
| r-devel-linux-x86_64-fedora-gcc | 0.5.1 | 122.78 | OK | |||
| r-devel-windows-x86_64 | 0.5.1 | 10.00 | 86.00 | 96.00 | OK | |
| r-patched-linux-x86_64 | 0.5.1 | 3.44 | 66.95 | 70.39 | OK | |
| r-release-linux-x86_64 | 0.5.1 | 4.04 | 66.17 | 70.21 | OK | |
| r-release-macos-arm64 | 0.5.1 | 2.00 | 42.00 | 44.00 | OK | |
| r-release-macos-x86_64 | 0.5.1 | 4.00 | 82.00 | 86.00 | OK | |
| r-release-windows-x86_64 | 0.5.1 | 11.00 | 90.00 | 101.00 | OK | |
| r-oldrel-macos-arm64 | 0.5.1 | 2.00 | 41.00 | 43.00 | NOTE | |
| r-oldrel-macos-x86_64 | 0.5.1 | 3.00 | 61.00 | 64.00 | NOTE | |
| r-oldrel-windows-x86_64 | 0.5.1 | 7.00 | 109.00 | 116.00 | NOTE | 
Version: 0.5.1
Check: CRAN incoming feasibility
Result: NOTE
  Maintainer: ‘Carl Boettiger <cboettig@gmail.com>’
  
  Package CITATION file contains call(s) to old-style citEntry().  Please
  use bibentry() instead.
Flavors: r-devel-linux-x86_64-debian-clang, r-devel-linux-x86_64-debian-gcc
Version: 0.5.1
Check: LazyData
Result: NOTE
    'LazyData' is specified without a 'data' directory
Flavors: r-oldrel-macos-arm64, r-oldrel-macos-x86_64, r-oldrel-windows-x86_64