CRAN Package Check Results for Package emov

Last updated on 2025-07-03 01:48:54 CEST.

Flavor Version Tinstall Tcheck Ttotal Status Flags
r-devel-linux-x86_64-debian-clang 0.1.1 1.54 19.44 20.98 NOTE
r-devel-linux-x86_64-debian-gcc 0.1.1 1.48 16.67 18.15 NOTE
r-devel-linux-x86_64-fedora-clang 0.1.1 31.77 OK
r-devel-linux-x86_64-fedora-gcc 0.1.1 30.46 OK
r-devel-windows-x86_64 0.1.1 2.00 43.00 45.00 OK
r-patched-linux-x86_64 0.1.1 1.73 18.13 19.86 OK
r-release-linux-x86_64 0.1.1 1.31 18.32 19.63 OK
r-release-macos-arm64 0.1.1 17.00 OK
r-release-macos-x86_64 0.1.1 27.00 OK
r-release-windows-x86_64 0.1.1 2.00 47.00 49.00 OK
r-oldrel-macos-arm64 0.1.1 15.00 OK
r-oldrel-macos-x86_64 0.1.1 21.00 OK
r-oldrel-windows-x86_64 0.1.1 3.00 42.00 45.00 OK

Check Details

Version: 0.1.1
Check: CRAN incoming feasibility
Result: NOTE Maintainer: ‘Simon Schwab <schw4b@gmail.com>’ No Authors@R field in DESCRIPTION. Please add one, modifying Authors@R: person(given = "Simon", family = "Schwab", role = c("aut", "cre"), email = "schw4b@gmail.com") as necessary. Flavors: r-devel-linux-x86_64-debian-clang, r-devel-linux-x86_64-debian-gcc