Last updated on 2024-05-21 02:02:00 CEST.
Flavor | Version | Tinstall | Tcheck | Ttotal | Status | Flags |
---|---|---|---|---|---|---|
r-devel-linux-x86_64-debian-clang | 0.1.3 | 5.79 | 48.00 | 53.79 | NOTE | |
r-devel-linux-x86_64-debian-gcc | 0.1.3 | 3.64 | 36.34 | 39.98 | NOTE | |
r-devel-linux-x86_64-fedora-clang | 0.1.3 | 80.09 | NOTE | |||
r-devel-linux-x86_64-fedora-gcc | 0.1.3 | 71.31 | NOTE | |||
r-devel-windows-x86_64 | 0.1.3 | 5.00 | 56.00 | 61.00 | OK | |
r-patched-linux-x86_64 | 0.1.3 | 7.47 | 46.73 | 54.20 | NOTE | |
r-release-linux-x86_64 | 0.1.3 | 4.78 | 46.58 | 51.36 | NOTE | |
r-release-macos-arm64 | 0.1.3 | 25.00 | OK | |||
r-release-windows-x86_64 | 0.1.3 | 7.00 | 58.00 | 65.00 | OK | |
r-oldrel-macos-arm64 | 0.1.3 | 25.00 | OK | |||
r-oldrel-macos-x86_64 | 0.1.3 | 34.00 | OK | |||
r-oldrel-windows-x86_64 | 0.1.3 | 6.00 | 63.00 | 69.00 | OK |
Version: 0.1.3
Check: for non-standard things in the check directory
Result: NOTE
Found the following files/directories:
‘file.path(temp_dir, gp2.csv)’
Flavors: r-devel-linux-x86_64-debian-clang, r-devel-linux-x86_64-debian-gcc, r-devel-linux-x86_64-fedora-clang, r-devel-linux-x86_64-fedora-gcc, r-patched-linux-x86_64, r-release-linux-x86_64
Version: 0.1.3
Check: dependencies in R code
Result: NOTE
Namespace in Imports field not imported from: ‘knitr’
All declared Imports should be used.
Flavors: r-devel-linux-x86_64-fedora-clang, r-devel-linux-x86_64-fedora-gcc