Last updated on 2025-05-06 02:50:18 CEST.
Flavor | Version | Tinstall | Tcheck | Ttotal | Status | Flags |
---|---|---|---|---|---|---|
r-devel-linux-x86_64-debian-clang | 2.29 | 5.62 | 43.75 | 49.37 | NOTE | |
r-devel-linux-x86_64-debian-gcc | 2.29 | 3.45 | 30.97 | 34.42 | NOTE | |
r-devel-linux-x86_64-fedora-clang | 2.29 | 69.35 | OK | |||
r-devel-linux-x86_64-fedora-gcc | 2.29 | 76.81 | OK | |||
r-devel-windows-x86_64 | 2.29 | 7.00 | 57.00 | 64.00 | OK | |
r-patched-linux-x86_64 | 2.29 | 4.81 | 40.26 | 45.07 | OK | |
r-release-linux-x86_64 | 2.29 | 5.09 | 40.54 | 45.63 | OK | |
r-release-macos-arm64 | 2.29 | 26.00 | OK | |||
r-release-macos-x86_64 | 2.29 | 39.00 | OK | |||
r-release-windows-x86_64 | 2.29 | 7.00 | 58.00 | 65.00 | OK | |
r-oldrel-macos-arm64 | 2.29 | 21.00 | OK | |||
r-oldrel-macos-x86_64 | 2.29 | 38.00 | OK | |||
r-oldrel-windows-x86_64 | 2.29 | 9.00 | 66.00 | 75.00 | OK |
Version: 2.29
Check: CRAN incoming feasibility
Result: NOTE
Maintainer: ‘Christian E. Galarza <cgalarza88@gmail.com>’
No Authors@R field in DESCRIPTION.
Please add one, modifying
Authors@R: c(person(given = c("Christian", "E."),
family = "Galarza",
role = c("aut", "cre"),
email = "cgalarza88@gmail.com"),
person(given = c("Jonathan", "M."),
family = "Olate",
role = "aut"))
as necessary.
Flavors: r-devel-linux-x86_64-debian-clang, r-devel-linux-x86_64-debian-gcc