Last updated on 2025-04-30 01:50:18 CEST.
Flavor | Version | Tinstall | Tcheck | Ttotal | Status | Flags |
---|---|---|---|---|---|---|
r-devel-linux-x86_64-debian-clang | 0.5.1 | 36.07 | 163.68 | 199.75 | NOTE | |
r-devel-linux-x86_64-debian-gcc | 0.5.1 | 22.85 | 105.35 | 128.20 | NOTE | |
r-devel-linux-x86_64-fedora-clang | 0.5.1 | 313.75 | OK | |||
r-devel-linux-x86_64-fedora-gcc | 0.5.1 | 295.58 | OK | |||
r-devel-windows-x86_64 | 0.5.1 | 34.00 | 150.00 | 184.00 | OK | |
r-patched-linux-x86_64 | 0.5.1 | 37.15 | 155.81 | 192.96 | OK | |
r-release-linux-x86_64 | 0.5.1 | 34.49 | 155.19 | 189.68 | OK | |
r-release-macos-arm64 | 0.5.1 | 61.00 | OK | |||
r-release-macos-x86_64 | 0.5.1 | 149.00 | OK | |||
r-release-windows-x86_64 | 0.5.1 | 37.00 | 143.00 | 180.00 | OK | |
r-oldrel-macos-arm64 | 0.5.1 | 60.00 | OK | |||
r-oldrel-macos-x86_64 | 0.5.1 | 131.00 | OK | |||
r-oldrel-windows-x86_64 | 0.5.1 | 49.00 | 194.00 | 243.00 | OK |
Version: 0.5.1
Check: CRAN incoming feasibility
Result: NOTE
Maintainer: ‘Andreas Schulz <ades-s@web.de>’
No Authors@R field in DESCRIPTION.
Please add one, modifying
Authors@R: person(given = "Andreas",
family = "Schulz",
role = c("aut", "cre"),
email = "ades-s@web.de")
as necessary.
Flavors: r-devel-linux-x86_64-debian-clang, r-devel-linux-x86_64-debian-gcc