Last updated on 2025-10-31 01:48:56 CET.
| Flavor | Version | Tinstall | Tcheck | Ttotal | Status | Flags | 
|---|---|---|---|---|---|---|
| r-devel-linux-x86_64-debian-clang | 1.0.2 | 6.42 | 124.31 | 130.73 | OK | |
| r-devel-linux-x86_64-debian-gcc | 1.0.2 | 3.48 | 84.36 | 87.84 | OK | |
| r-devel-linux-x86_64-fedora-clang | 1.0.2 | 14.00 | 175.31 | 189.31 | OK | |
| r-devel-linux-x86_64-fedora-gcc | 1.0.2 | 13.00 | 183.57 | 196.57 | OK | |
| r-devel-windows-x86_64 | 1.0.2 | 9.00 | 143.00 | 152.00 | OK | |
| r-patched-linux-x86_64 | 1.0.2 | 4.81 | 115.59 | 120.40 | OK | |
| r-release-linux-x86_64 | 1.0.2 | 5.46 | 117.34 | 122.80 | OK | |
| r-release-macos-arm64 | 1.0.2 | 2.00 | 155.00 | 157.00 | ERROR | |
| r-release-macos-x86_64 | 1.0.2 | 5.00 | 159.00 | 164.00 | OK | |
| r-release-windows-x86_64 | 1.0.2 | 8.00 | 146.00 | 154.00 | OK | |
| r-oldrel-macos-arm64 | 1.0.2 | 3.00 | 102.00 | 105.00 | OK | |
| r-oldrel-macos-x86_64 | 1.0.2 | 9.00 | 182.00 | 191.00 | OK | |
| r-oldrel-windows-x86_64 | 1.0.2 | 11.00 | 184.00 | 195.00 | OK | 
Version: 1.0.2
Check: re-building of vignette outputs
Result: ERROR
  Error(s) in re-building vignettes:
  --- re-building ‘eph.Rmd’ using rmarkdown
  trying URL 'https://www.indec.gob.ar/ftp/cuadros/sociedad/serie_cba_cbt.xls'
  
  Quitting from eph.Rmd:222-228 [unnamed-chunk-13]
  ~~~~~~~~~~~~~~~~~~~~~~~~~~~~~~~~~~~~~~~~~~~~~~~~~~~~~~~~~~~~~~~~~~~~~~~~~~~~~~~~
  <error/rlang_error>
  Error in `UseMethod()`:
  ! no applicable method for 'select' applied to an object of class "NULL"
  ---
  Backtrace:
      ▆
   1. ├─... %>% ggplot()
   2. ├─ggplot2::ggplot(.)
   3. ├─tidyr::pivot_longer(...)
   4. └─dplyr::select(., -ICE)
  ~~~~~~~~~~~~~~~~~~~~~~~~~~~~~~~~~~~~~~~~~~~~~~~~~~~~~~~~~~~~~~~~~~~~~~~~~~~~~~~~
  
  Error: processing vignette 'eph.Rmd' failed with diagnostics:
  no applicable method for 'select' applied to an object of class "NULL"
  --- failed re-building ‘eph.Rmd’
  
  --- re-building ‘estimacion_pobreza.Rmd’ using rmarkdown
  trying URL 'https://github.com/holatam/data/raw/master/eph/canasta/canastas.rds'
  Content type 'application/octet-stream' length 3499 bytes
  ==================================================
  downloaded 3499 bytes
  
  --- finished re-building ‘estimacion_pobreza.Rmd’
  
  SUMMARY: processing the following file failed:
    ‘eph.Rmd’
  
  Error: Vignette re-building failed.
  Execution halted
Flavor: r-release-macos-arm64