CRAN Package Check Results for Package epitab

Last updated on 2025-05-06 02:50:18 CEST.

Flavor Version Tinstall Tcheck Ttotal Status Flags
r-devel-linux-x86_64-debian-clang 0.2.2 2.19 35.05 37.24 NOTE
r-devel-linux-x86_64-debian-gcc 0.2.2 2.21 27.15 29.36 NOTE
r-devel-linux-x86_64-fedora-clang 0.2.2 59.47 OK
r-devel-linux-x86_64-fedora-gcc 0.2.2 76.36 OK
r-devel-windows-x86_64 0.2.2 5.00 55.00 60.00 OK
r-patched-linux-x86_64 0.2.2 2.93 33.11 36.04 OK
r-release-linux-x86_64 0.2.2 2.78 33.70 36.48 OK
r-release-macos-arm64 0.2.2 35.00 OK
r-release-macos-x86_64 0.2.2 49.00 OK
r-release-windows-x86_64 0.2.2 6.00 56.00 62.00 OK
r-oldrel-macos-arm64 0.2.2 27.00 NOTE
r-oldrel-macos-x86_64 0.2.2 42.00 NOTE
r-oldrel-windows-x86_64 0.2.2 6.00 68.00 74.00 NOTE

Check Details

Version: 0.2.2
Check: CRAN incoming feasibility
Result: NOTE Maintainer: ‘Stuart Lacy <stuart.lacy@york.ac.uk>’ No Authors@R field in DESCRIPTION. Please add one, modifying Authors@R: person(given = "Stuart", family = "Lacy", role = c("aut", "cre"), email = "stuart.lacy@york.ac.uk") as necessary. Flavors: r-devel-linux-x86_64-debian-clang, r-devel-linux-x86_64-debian-gcc

Version: 0.2.2
Check: LazyData
Result: NOTE 'LazyData' is specified without a 'data' directory Flavors: r-oldrel-macos-arm64, r-oldrel-macos-x86_64, r-oldrel-windows-x86_64