Last updated on 2024-05-13 01:52:12 CEST.
Flavor | Version | Tinstall | Tcheck | Ttotal | Status | Flags |
---|---|---|---|---|---|---|
r-devel-linux-x86_64-debian-clang | 1.0.2 | 1.76 | 23.44 | 25.20 | NOTE | |
r-devel-linux-x86_64-debian-gcc | 1.0.2 | 1.91 | 18.11 | 20.02 | NOTE | |
r-devel-linux-x86_64-fedora-clang | 1.0.2 | 33.23 | NOTE | |||
r-devel-linux-x86_64-fedora-gcc | 1.0.2 | 34.33 | NOTE | |||
r-devel-windows-x86_64 | 1.0.2 | 2.00 | 43.00 | 45.00 | NOTE | |
r-patched-linux-x86_64 | 1.0.2 | 2.65 | 22.66 | 25.31 | NOTE | |
r-release-linux-x86_64 | 1.0.2 | 2.10 | 22.53 | 24.63 | NOTE | |
r-release-macos-arm64 | 1.0.2 | 14.00 | NOTE | |||
r-release-windows-x86_64 | 1.0.2 | 4.00 | 41.00 | 45.00 | NOTE | |
r-oldrel-macos-arm64 | 1.0.2 | 16.00 | NOTE | |||
r-oldrel-macos-x86_64 | 1.0.2 | 19.00 | NOTE | |||
r-oldrel-windows-x86_64 | 1.0.2 | 3.00 | 40.00 | 43.00 | NOTE |
Version: 1.0.2
Check: LazyData
Result: NOTE
'LazyData' is specified without a 'data' directory
Flavors: r-devel-linux-x86_64-debian-clang, r-devel-linux-x86_64-debian-gcc, r-devel-linux-x86_64-fedora-clang, r-devel-linux-x86_64-fedora-gcc, r-devel-windows-x86_64, r-patched-linux-x86_64, r-release-linux-x86_64, r-release-macos-arm64, r-release-windows-x86_64, r-oldrel-macos-arm64, r-oldrel-macos-x86_64, r-oldrel-windows-x86_64