Last updated on 2024-05-21 02:02:01 CEST.
Flavor | Version | Tinstall | Tcheck | Ttotal | Status | Flags |
---|---|---|---|---|---|---|
r-devel-linux-x86_64-debian-clang | 1.2.2 | 42.31 | 109.00 | 151.31 | NOTE | |
r-devel-linux-x86_64-debian-gcc | 1.2.2 | 28.05 | 74.25 | 102.30 | NOTE | |
r-devel-linux-x86_64-fedora-clang | 1.2.2 | 194.39 | NOTE | |||
r-devel-linux-x86_64-fedora-gcc | 1.2.2 | 192.66 | NOTE | |||
r-devel-windows-x86_64 | 1.2.2 | 30.00 | 236.00 | 266.00 | NOTE | |
r-patched-linux-x86_64 | 1.2.2 | 37.32 | 109.15 | 146.47 | NOTE | |
r-release-linux-x86_64 | 1.2.2 | 36.49 | 105.93 | 142.42 | NOTE | |
r-release-macos-arm64 | 1.2.2 | 42.00 | NOTE | |||
r-release-windows-x86_64 | 1.2.2 | 29.00 | 235.00 | 264.00 | NOTE | |
r-oldrel-macos-arm64 | 1.2.2 | 48.00 | NOTE | |||
r-oldrel-macos-x86_64 | 1.2.2 | 87.00 | NOTE | |||
r-oldrel-windows-x86_64 | 1.2.2 | 33.00 | 196.00 | 229.00 | NOTE |
Version: 1.2.2
Check: LazyData
Result: NOTE
'LazyData' is specified without a 'data' directory
Flavors: r-devel-linux-x86_64-debian-clang, r-devel-linux-x86_64-debian-gcc, r-devel-linux-x86_64-fedora-clang, r-devel-linux-x86_64-fedora-gcc, r-devel-windows-x86_64, r-patched-linux-x86_64, r-release-linux-x86_64, r-release-macos-arm64, r-release-windows-x86_64, r-oldrel-macos-arm64, r-oldrel-macos-x86_64, r-oldrel-windows-x86_64