Last updated on 2024-05-21 02:02:01 CEST.
Flavor | Version | Tinstall | Tcheck | Ttotal | Status | Flags |
---|---|---|---|---|---|---|
r-devel-linux-x86_64-debian-clang | 1.0.4 | 116.78 | 163.81 | 280.59 | NOTE | |
r-devel-linux-x86_64-debian-gcc | 1.0.4 | 97.85 | 123.54 | 221.39 | NOTE | |
r-devel-linux-x86_64-fedora-clang | 1.0.4 | 347.35 | NOTE | |||
r-devel-linux-x86_64-fedora-gcc | 1.0.4 | 393.25 | NOTE | |||
r-devel-windows-x86_64 | 1.0.4 | 90.00 | 142.00 | 232.00 | OK | |
r-patched-linux-x86_64 | 1.0.4 | 130.44 | 160.31 | 290.75 | NOTE | |
r-release-linux-x86_64 | 1.0.4 | 126.14 | 159.75 | 285.89 | NOTE | |
r-release-macos-arm64 | 1.0.4 | 82.00 | NOTE | |||
r-release-macos-x86_64 | 1.0.4 | 302.00 | NOTE | |||
r-release-windows-x86_64 | 1.0.4 | 85.00 | 219.00 | 304.00 | OK | |
r-oldrel-macos-arm64 | 1.0.4 | 111.00 | NOTE | |||
r-oldrel-macos-x86_64 | 1.0.4 | 303.00 | NOTE | |||
r-oldrel-windows-x86_64 | 1.0.4 | 117.00 | 187.00 | 304.00 | OK |
Version: 1.0.4
Check: package dependencies
Result: NOTE
Packages suggested but not available for checking: 'margins', 'prediction'
Flavors: r-devel-linux-x86_64-debian-clang, r-devel-linux-x86_64-debian-gcc, r-devel-linux-x86_64-fedora-clang, r-devel-linux-x86_64-fedora-gcc, r-patched-linux-x86_64, r-release-linux-x86_64
Version: 1.0.4
Check: Rd cross-references
Result: NOTE
Unknown package ‘margins’ in Rd xrefs
Flavors: r-devel-linux-x86_64-debian-clang, r-devel-linux-x86_64-debian-gcc, r-devel-linux-x86_64-fedora-clang, r-devel-linux-x86_64-fedora-gcc, r-patched-linux-x86_64, r-release-linux-x86_64
Version: 1.0.4
Check: installed package size
Result: NOTE
installed size is 39.9Mb
sub-directories of 1Mb or more:
libs 39.5Mb
Flavors: r-release-macos-arm64, r-release-macos-x86_64, r-oldrel-macos-arm64, r-oldrel-macos-x86_64