Last updated on 2025-04-15 01:50:31 CEST.
Flavor | Version | Tinstall | Tcheck | Ttotal | Status | Flags |
---|---|---|---|---|---|---|
r-devel-linux-x86_64-debian-clang | 7.0.2 | 88.21 | 87.27 | 175.48 | OK | |
r-devel-linux-x86_64-debian-gcc | 7.0.2 | 59.57 | 63.62 | 123.19 | OK | |
r-devel-linux-x86_64-fedora-clang | 7.0.2 | 347.47 | OK | |||
r-devel-linux-x86_64-fedora-gcc | 7.0.2 | 306.64 | OK | |||
r-devel-windows-x86_64 | 7.0.2 | 108.00 | 120.00 | 228.00 | OK | |
r-patched-linux-x86_64 | 7.0.2 | 83.36 | 83.60 | 166.96 | OK | |
r-release-linux-x86_64 | 7.0.2 | 85.99 | 84.19 | 170.18 | OK | |
r-release-macos-arm64 | 7.0.2 | 92.00 | OK | |||
r-release-macos-x86_64 | 7.0.2 | 118.00 | OK | |||
r-release-windows-x86_64 | 7.0.2 | 107.00 | 116.00 | 223.00 | OK | |
r-oldrel-macos-arm64 | 7.0.2 | 81.00 | NOTE | |||
r-oldrel-macos-x86_64 | 7.0.2 | 150.00 | NOTE | |||
r-oldrel-windows-x86_64 | 7.0.2 | 122.00 | 145.00 | 267.00 | OK |
Version: 7.0.2
Check: installed package size
Result: NOTE
installed size is 5.7Mb
sub-directories of 1Mb or more:
doc 1.3Mb
libs 3.6Mb
Flavors: r-oldrel-macos-arm64, r-oldrel-macos-x86_64