Last updated on 2025-04-30 02:50:38 CEST.
Flavor | Version | Tinstall | Tcheck | Ttotal | Status | Flags |
---|---|---|---|---|---|---|
r-devel-linux-x86_64-debian-clang | 2.3-7.1 | 16.90 | 83.23 | 100.13 | NOTE | |
r-devel-linux-x86_64-debian-gcc | 2.3-7.1 | 11.78 | 55.74 | 67.52 | NOTE | |
r-devel-linux-x86_64-fedora-clang | 2.3-7.1 | 157.86 | OK | |||
r-devel-linux-x86_64-fedora-gcc | 2.3-7.1 | 166.31 | OK | |||
r-devel-windows-x86_64 | 2.3-7.1 | 21.00 | 123.00 | 144.00 | OK | |
r-patched-linux-x86_64 | 2.3-7.1 | 19.54 | 81.25 | 100.79 | OK | |
r-release-linux-x86_64 | 2.3-7.1 | 15.28 | 79.97 | 95.25 | OK | |
r-release-macos-arm64 | 2.3-7.1 | 42.00 | OK | |||
r-release-macos-x86_64 | 2.3-7.1 | 89.00 | OK | |||
r-release-windows-x86_64 | 2.3-7.1 | 21.00 | 128.00 | 149.00 | OK | |
r-oldrel-macos-arm64 | 2.3-7.1 | 45.00 | OK | |||
r-oldrel-macos-x86_64 | 2.3-7.1 | 151.00 | OK | |||
r-oldrel-windows-x86_64 | 2.3-7.1 | 21.00 | 130.00 | 151.00 | OK |
Version: 2.3-7.1
Check: CRAN incoming feasibility
Result: NOTE
Maintainer: ‘Alec Stephenson <alec_stephenson@hotmail.com>’
No Authors@R field in DESCRIPTION.
Please add one, modifying
Authors@R: c(person(given = c("Alec", "Stephenson.", "Function", "fbvpot", "by", "Chris"),
family = "Ferro.",
role = "aut"),
person(given = "Alec",
family = "Stephenson",
role = "cre",
email = "alec_stephenson@hotmail.com"))
as necessary.
Flavors: r-devel-linux-x86_64-debian-clang, r-devel-linux-x86_64-debian-gcc