Last updated on 2025-11-16 01:49:14 CET.
| Flavor | Version | Tinstall | Tcheck | Ttotal | Status | Flags |
|---|---|---|---|---|---|---|
| r-devel-linux-x86_64-debian-clang | 1.4.5 | 7.55 | 134.92 | 142.47 | OK | |
| r-devel-linux-x86_64-debian-gcc | 1.4.5 | 5.97 | 99.90 | 105.87 | NOTE | |
| r-devel-linux-x86_64-fedora-clang | 1.4.5 | 16.00 | 213.67 | 229.67 | OK | |
| r-devel-linux-x86_64-fedora-gcc | 1.4.5 | 17.00 | 215.00 | 232.00 | OK | |
| r-devel-windows-x86_64 | 1.4.5 | 13.00 | 160.00 | 173.00 | OK | |
| r-patched-linux-x86_64 | 1.4.5 | 8.61 | 132.74 | 141.35 | OK | |
| r-release-linux-x86_64 | 1.4.5 | 7.92 | 130.95 | 138.87 | OK | |
| r-release-macos-arm64 | 1.4.5 | 5.00 | 78.00 | 83.00 | OK | |
| r-release-macos-x86_64 | 1.4.5 | 10.00 | 145.00 | 155.00 | OK | |
| r-release-windows-x86_64 | 1.4.5 | 12.00 | 167.00 | 179.00 | OK | |
| r-oldrel-macos-arm64 | 1.4.5 | 4.00 | 78.00 | 82.00 | OK | |
| r-oldrel-macos-x86_64 | 1.4.5 | 9.00 | 138.00 | 147.00 | OK | |
| r-oldrel-windows-x86_64 | 1.4.5 | 15.00 | 209.00 | 224.00 | OK |
Version: 1.4.5
Check: CRAN incoming feasibility
Result: NOTE
Maintainer: ‘Michael C Sachs <sachsmc@gmail.com>’
The BugReports field in DESCRIPTION has
https://github.com/sachsmc/eventglm/issues/
which should likely be
https://github.com/sachsmc/eventglm/issues/issues
instead.
Flavor: r-devel-linux-x86_64-debian-gcc