CRAN Package Check Results for Package evobiR

Last updated on 2025-04-30 01:50:18 CEST.

Flavor Version Tinstall Tcheck Ttotal Status Flags
r-devel-linux-x86_64-debian-clang 1.1 10.10 83.35 93.45 NOTE
r-devel-linux-x86_64-debian-gcc 1.1 7.69 60.47 68.16 NOTE
r-devel-linux-x86_64-fedora-clang 1.1 145.18 NOTE
r-devel-linux-x86_64-fedora-gcc 1.1 137.94 NOTE
r-devel-windows-x86_64 1.1 12.00 98.00 110.00 OK
r-patched-linux-x86_64 1.1 9.35 79.41 88.76 NOTE
r-release-linux-x86_64 1.1 9.06 79.52 88.58 NOTE
r-release-macos-arm64 1.1 54.00 OK
r-release-macos-x86_64 1.1 91.00 OK
r-release-windows-x86_64 1.1 14.00 100.00 114.00 OK
r-oldrel-macos-arm64 1.1 43.00 OK
r-oldrel-macos-x86_64 1.1 68.00 OK
r-oldrel-windows-x86_64 1.1 15.00 115.00 130.00 OK

Check Details

Version: 1.1
Check: CRAN incoming feasibility
Result: NOTE Maintainer: ‘Heath Blackmon <coleoguy@gmail.com>’ No Authors@R field in DESCRIPTION. Please add one, modifying Authors@R: c(person(given = "Heath", family = "Blackmon", role = c("aut", "cre"), email = "coleoguy@gmail.com"), person(given = c("Richard", "H."), family = "Adams", role = "aut")) as necessary. Found the following \keyword or \concept entries which likely give several index terms: File ‘SuperMatrix.Rd’: \keyword{ SuperMatrix, concatenation, alignment } Flavors: r-devel-linux-x86_64-debian-clang, r-devel-linux-x86_64-debian-gcc

Version: 1.1
Check: for non-standard things in the check directory
Result: NOTE Found the following files/directories: ‘sample .nwk’ Flavors: r-devel-linux-x86_64-debian-clang, r-devel-linux-x86_64-debian-gcc, r-devel-linux-x86_64-fedora-clang, r-devel-linux-x86_64-fedora-gcc, r-patched-linux-x86_64, r-release-linux-x86_64