Last updated on 2025-05-01 01:49:30 CEST.
Flavor | Version | Tinstall | Tcheck | Ttotal | Status | Flags |
---|---|---|---|---|---|---|
r-devel-linux-x86_64-debian-clang | 1.0-8 | 11.86 | 144.08 | 155.94 | NOTE | |
r-devel-linux-x86_64-debian-gcc | 1.0-8 | 9.00 | 101.67 | 110.67 | NOTE | |
r-devel-linux-x86_64-fedora-clang | 1.0-8 | 282.92 | OK | |||
r-devel-linux-x86_64-fedora-gcc | 1.0-8 | 280.66 | OK | |||
r-devel-windows-x86_64 | 1.0-8 | 16.00 | 168.00 | 184.00 | OK | |
r-patched-linux-x86_64 | 1.0-8 | 11.70 | 145.76 | 157.46 | OK | |
r-release-linux-x86_64 | 1.0-8 | 11.01 | 146.11 | 157.12 | OK | |
r-release-macos-arm64 | 1.0-8 | 104.00 | OK | |||
r-release-macos-x86_64 | 1.0-8 | 268.00 | OK | |||
r-release-windows-x86_64 | 1.0-8 | 16.00 | 175.00 | 191.00 | OK | |
r-oldrel-macos-arm64 | 1.0-8 | 86.00 | OK | |||
r-oldrel-macos-x86_64 | 1.0-8 | 141.00 | OK | |||
r-oldrel-windows-x86_64 | 1.0-8 | 18.00 | 201.00 | 219.00 | OK |
Version: 1.0-8
Check: CRAN incoming feasibility
Result: NOTE
Maintainer: ‘Thomas Grubinger <ThomasGrubinger@gmail.com>’
Package CITATION file contains call(s) to old-style personList() or
as.personList(). Please use c() on person objects instead.
Package CITATION file contains call(s) to old-style citEntry(). Please
use bibentry() instead.
Flavors: r-devel-linux-x86_64-debian-clang, r-devel-linux-x86_64-debian-gcc
Version: 1.0-8
Check: examples
Result: NOTE
Examples with CPU (user + system) or elapsed time > 5s
user system elapsed
StatlogHeart 5.272 0.016 6.172
Flavor: r-devel-linux-x86_64-debian-clang