Last updated on 2025-02-17 01:50:24 CET.
Flavor | Version | Tinstall | Tcheck | Ttotal | Status | Flags |
---|---|---|---|---|---|---|
r-devel-linux-x86_64-debian-clang | 1.6.9 | 7.10 | 85.77 | 92.87 | NOTE | |
r-devel-linux-x86_64-debian-gcc | 1.6.9 | 5.61 | 60.95 | 66.56 | NOTE | |
r-devel-linux-x86_64-fedora-clang | 1.6.9 | 162.26 | OK | |||
r-devel-linux-x86_64-fedora-gcc | 1.6.9 | 157.14 | OK | |||
r-devel-macos-arm64 | 1.6.9 | 57.00 | OK | |||
r-devel-macos-x86_64 | 1.6.9 | 131.00 | OK | |||
r-devel-windows-x86_64 | 1.6.9 | 10.00 | 150.00 | 160.00 | NOTE | |
r-patched-linux-x86_64 | 1.6.9 | 12.17 | 82.04 | 94.21 | OK | |
r-release-linux-x86_64 | 1.6.9 | 7.65 | 82.83 | 90.48 | OK | |
r-release-macos-arm64 | 1.6.9 | 52.00 | OK | |||
r-release-macos-x86_64 | 1.6.9 | 86.00 | OK | |||
r-release-windows-x86_64 | 1.6.9 | 10.00 | 154.00 | 164.00 | OK | |
r-oldrel-macos-arm64 | 1.6.9 | 56.00 | OK | |||
r-oldrel-macos-x86_64 | 1.6.9 | 112.00 | OK | |||
r-oldrel-windows-x86_64 | 1.6.9 | 11.00 | 140.00 | 151.00 | OK |
Version: 1.6.9
Check: Rd cross-references
Result: NOTE
Found the following Rd file(s) with Rd \link{} targets missing package
anchors:
power2x2.Rd: uniroot.integer, ss.nonadh
unirootGrid.Rd: uniroot.integer
Please provide package anchors for all Rd \link{} targets not in the
package itself and the base packages.
Flavors: r-devel-linux-x86_64-debian-clang, r-devel-linux-x86_64-debian-gcc, r-devel-windows-x86_64