CRAN Package Check Results for Package expint

Last updated on 2025-05-04 02:50:05 CEST.

Flavor Version Tinstall Tcheck Ttotal Status Flags
r-devel-linux-x86_64-debian-clang 0.1-8 2.43 26.27 28.70 NOTE
r-devel-linux-x86_64-debian-gcc 0.1-8 2.05 21.80 23.85 NOTE
r-devel-linux-x86_64-fedora-clang 0.1-8 45.16 NOTE
r-devel-linux-x86_64-fedora-gcc 0.1-8 57.08 NOTE
r-devel-windows-x86_64 0.1-8 7.00 71.00 78.00 NOTE
r-patched-linux-x86_64 0.1-8 2.48 25.37 27.85 NOTE
r-release-linux-x86_64 NOTE
r-release-macos-arm64 0.1-8 29.00 NOTE
r-release-macos-x86_64 0.1-8 49.00 NOTE
r-release-windows-x86_64 0.1-8 7.00 78.00 85.00 NOTE
r-oldrel-macos-arm64 0.1-8 29.00 OK
r-oldrel-macos-x86_64 0.1-8 37.00 OK
r-oldrel-windows-x86_64 0.1-8 6.00 69.00 75.00 OK

Check Details

Version: 0.1-8
Check: CRAN incoming feasibility
Result: NOTE Maintainer: ‘Vincent Goulet <vincent.goulet@act.ulaval.ca>’ Package CITATION file contains call(s) to old-style citEntry(). Please use bibentry() instead. Flavors: r-devel-linux-x86_64-debian-clang, r-devel-linux-x86_64-debian-gcc

Version: 0.1-8
Check: compiled code
Result: NOTE File ‘expint/libs/expint.so’: Found non-API call to R: ‘OBJECT’ Compiled code should not call non-API entry points in R. See ‘Writing portable packages’ in the ‘Writing R Extensions’ manual, and section ‘Moving into C API compliance’ for issues with the use of non-API entry points. Flavors: r-devel-linux-x86_64-debian-clang, r-devel-linux-x86_64-debian-gcc, r-devel-linux-x86_64-fedora-clang, r-devel-linux-x86_64-fedora-gcc, r-patched-linux-x86_64, r-release-linux-x86_64, r-release-macos-arm64, r-release-macos-x86_64

Version: 0.1-8
Check: compiled code
Result: NOTE File 'expint/libs/x64/expint.dll': Found non-API call to R: 'OBJECT' Compiled code should not call non-API entry points in R. See 'Writing portable packages' in the 'Writing R Extensions' manual, and section 'Moving into C API compliance' for issues with the use of non-API entry points. Flavors: r-devel-windows-x86_64, r-release-windows-x86_64