Last updated on 2024-05-21 02:02:01 CEST.
Flavor | Version | Tinstall | Tcheck | Ttotal | Status | Flags |
---|---|---|---|---|---|---|
r-devel-linux-x86_64-debian-clang | 0.2.4 | 2.47 | 50.80 | 53.27 | NOTE | |
r-devel-linux-x86_64-debian-gcc | 0.2.4 | 2.20 | 38.37 | 40.57 | NOTE | |
r-devel-linux-x86_64-fedora-clang | 0.2.4 | 70.82 | NOTE | |||
r-devel-linux-x86_64-fedora-gcc | 0.2.4 | 77.70 | NOTE | |||
r-devel-windows-x86_64 | 0.2.4 | 4.00 | 58.00 | 62.00 | NOTE | |
r-patched-linux-x86_64 | 0.2.4 | 2.31 | 47.30 | 49.61 | NOTE | |
r-release-linux-x86_64 | 0.2.4 | 2.20 | 48.55 | 50.75 | NOTE | |
r-release-macos-arm64 | 0.2.4 | 27.00 | NOTE | |||
r-release-windows-x86_64 | 0.2.4 | 4.00 | 58.00 | 62.00 | NOTE | |
r-oldrel-macos-arm64 | 0.2.4 | 29.00 | NOTE | |||
r-oldrel-macos-x86_64 | 0.2.4 | 41.00 | NOTE | |||
r-oldrel-windows-x86_64 | 0.2.4 | 5.00 | 63.00 | 68.00 | NOTE |
Version: 0.2.4
Check: LazyData
Result: NOTE
'LazyData' is specified without a 'data' directory
Flavors: r-devel-linux-x86_64-debian-clang, r-devel-linux-x86_64-debian-gcc, r-devel-linux-x86_64-fedora-clang, r-devel-linux-x86_64-fedora-gcc, r-devel-windows-x86_64, r-patched-linux-x86_64, r-release-linux-x86_64, r-release-macos-arm64, r-release-windows-x86_64, r-oldrel-macos-arm64, r-oldrel-macos-x86_64, r-oldrel-windows-x86_64