Last updated on 2025-05-02 02:50:54 CEST.
Flavor | Version | Tinstall | Tcheck | Ttotal | Status | Flags |
---|---|---|---|---|---|---|
r-devel-linux-x86_64-debian-clang | 0.14.5 | 14.71 | 155.82 | 170.53 | NOTE | |
r-devel-linux-x86_64-debian-gcc | 0.14.5 | 11.12 | 114.40 | 125.52 | OK | |
r-devel-linux-x86_64-fedora-clang | 0.14.5 | 250.41 | OK | |||
r-devel-linux-x86_64-fedora-gcc | 0.14.5 | 244.56 | OK | |||
r-devel-windows-x86_64 | 0.14.5 | 16.00 | 159.00 | 175.00 | OK | |
r-patched-linux-x86_64 | 0.14.5 | 14.95 | 151.35 | 166.30 | OK | |
r-release-linux-x86_64 | OK | |||||
r-release-macos-arm64 | 0.14.5 | 117.00 | OK | |||
r-release-macos-x86_64 | 0.14.5 | 157.00 | OK | |||
r-release-windows-x86_64 | 0.14.5 | 16.00 | 178.00 | 194.00 | OK | |
r-oldrel-macos-arm64 | 0.14.5 | 66.00 | OK | |||
r-oldrel-macos-x86_64 | 0.14.5 | 113.00 | OK | |||
r-oldrel-windows-x86_64 | 0.14.5 | 20.00 | 202.00 | 222.00 | OK |
Version: 0.14.5
Check: examples
Result: NOTE
Examples with CPU (user + system) or elapsed time > 5s
user system elapsed
robdist 6.825 0.113 8.602
Flavor: r-devel-linux-x86_64-debian-clang