CRAN Package Check Results for Package fPortfolio

Last updated on 2025-05-07 01:49:57 CEST.

Flavor Version Tinstall Tcheck Ttotal Status Flags
r-devel-linux-x86_64-debian-clang 4023.84 24.71 146.09 170.80 OK
r-devel-linux-x86_64-debian-gcc 4023.84 14.58 101.34 115.92 OK
r-devel-linux-x86_64-fedora-clang 4023.84 267.96 OK
r-devel-linux-x86_64-fedora-gcc 4023.84 256.94 OK
r-devel-windows-x86_64 4023.84 23.00 144.00 167.00 OK
r-patched-linux-x86_64 4023.84 23.77 138.99 162.76 OK
r-release-linux-x86_64 4023.84 22.66 140.28 162.94 OK
r-release-macos-arm64 4023.84 75.00 OK
r-release-macos-x86_64 4023.84 153.00 OK
r-release-windows-x86_64 4023.84 25.00 0.00 25.00 FAIL
r-oldrel-macos-arm64 4023.84 63.00 NOTE
r-oldrel-macos-x86_64 4023.84 106.00 NOTE
r-oldrel-windows-x86_64 4023.84 34.00 173.00 207.00 OK

Check Details

Version: 4023.84
Check: PDF version of manual
Result: FAIL Check process probably crashed or hung up for 20 minutes ... killed Most likely this happened in the example checks (?), if not, ignore the following last lines of example output: $initialWeights NULL > getSmootherLambda(backtestSpec) [1] "3m" > getSmootherDoubleSmoothing(backtestSpec) [1] TRUE > getSmootherInitialWeights(backtestSpec) NULL > getSmootherSkip(backtestSpec) [1] 0 > > > > ### * <FOOTER> > ### > cleanEx() > options(digits = 7L) > base::cat("Time elapsed: ", proc.time() - base::get("ptime", pos = 'CheckExEnv'),"\n") Time elapsed: 2.93 0.33 3.26 NA NA > grDevices::dev.off() null device 1 > ### > ### Local variables: *** > ### mode: outline-minor *** > ### outline-regexp: "\\(> \\)?### [*]+" *** > ### End: *** > quit('no') ======== End of example output (where/before crash/hang up occured ?) ======== Flavor: r-release-windows-x86_64

Version: 4023.84
Check: package dependencies
Result: NOTE Package suggested but not available for checking: ‘bcp’ Flavors: r-oldrel-macos-arm64, r-oldrel-macos-x86_64