Last updated on 2024-05-21 02:02:01 CEST.
Flavor | Version | Tinstall | Tcheck | Ttotal | Status | Flags |
---|---|---|---|---|---|---|
r-devel-linux-x86_64-debian-clang | 0.2.0 | 7.93 | 80.43 | 88.36 | NOTE | |
r-devel-linux-x86_64-debian-gcc | 0.2.0 | 6.74 | 60.24 | 66.98 | NOTE | |
r-devel-linux-x86_64-fedora-clang | 0.2.0 | 117.12 | NOTE | |||
r-devel-linux-x86_64-fedora-gcc | 0.2.0 | 117.27 | NOTE | |||
r-devel-windows-x86_64 | 0.2.0 | 7.00 | 86.00 | 93.00 | NOTE | |
r-patched-linux-x86_64 | 0.2.0 | 7.79 | 76.30 | 84.09 | NOTE | |
r-release-linux-x86_64 | 0.2.0 | 6.76 | 76.06 | 82.82 | NOTE | |
r-release-macos-arm64 | 0.2.0 | 40.00 | NOTE | |||
r-release-windows-x86_64 | 0.2.0 | 8.00 | 86.00 | 94.00 | NOTE | |
r-oldrel-macos-arm64 | 0.2.0 | 43.00 | NOTE | |||
r-oldrel-macos-x86_64 | 0.2.0 | 61.00 | NOTE | |||
r-oldrel-windows-x86_64 | 0.2.0 | 10.00 | 94.00 | 104.00 | NOTE |
Version: 0.2.0
Check: package subdirectories
Result: NOTE
Problems with news in ‘NEWS.md’:
Cannot extract version info from the following section titles:
minor changes
Flavors: r-devel-linux-x86_64-debian-clang, r-devel-linux-x86_64-debian-gcc, r-devel-linux-x86_64-fedora-clang, r-devel-linux-x86_64-fedora-gcc, r-devel-windows-x86_64, r-patched-linux-x86_64, r-release-linux-x86_64, r-release-macos-arm64, r-release-windows-x86_64, r-oldrel-macos-arm64, r-oldrel-macos-x86_64, r-oldrel-windows-x86_64