Last updated on 2025-10-31 01:48:57 CET.
| Flavor | Version | Tinstall | Tcheck | Ttotal | Status | Flags | 
|---|---|---|---|---|---|---|
| r-devel-linux-x86_64-debian-clang | 1.0.1 | 2.81 | 35.32 | 38.13 | NOTE | |
| r-devel-linux-x86_64-debian-gcc | 1.0.1 | 2.00 | 26.63 | 28.63 | NOTE | |
| r-devel-linux-x86_64-fedora-clang | 1.0.1 | 57.38 | OK | |||
| r-devel-linux-x86_64-fedora-gcc | 1.0.1 | 56.60 | OK | |||
| r-devel-windows-x86_64 | 1.0.1 | 4.00 | 54.00 | 58.00 | OK | |
| r-patched-linux-x86_64 | 1.0.1 | 3.19 | 33.84 | 37.03 | OK | |
| r-release-linux-x86_64 | 1.0.1 | 2.21 | 35.49 | 37.70 | OK | |
| r-release-macos-arm64 | 1.0.1 | 1.00 | 20.00 | 21.00 | OK | |
| r-release-macos-x86_64 | 1.0.1 | 2.00 | 37.00 | 39.00 | OK | |
| r-release-windows-x86_64 | 1.0.1 | 4.00 | 55.00 | 59.00 | OK | |
| r-oldrel-macos-arm64 | 1.0.1 | 1.00 | 20.00 | 21.00 | OK | |
| r-oldrel-macos-x86_64 | 1.0.1 | 2.00 | 29.00 | 31.00 | OK | |
| r-oldrel-windows-x86_64 | 1.0.1 | 5.00 | 64.00 | 69.00 | OK | 
Version: 1.0.1
Check: CRAN incoming feasibility
Result: NOTE
  Maintainer: ‘Peter W. MacDonald <pwmacdon@umich.edu>’
  
  The Description field contains
    Zhu and Levina (2022+) <arXiv:2210.07491>.
  Please refer to arXiv e-prints via their arXiv DOI <doi:10.48550/arXiv.YYMM.NNNNN>.
Flavors: r-devel-linux-x86_64-debian-clang, r-devel-linux-x86_64-debian-gcc