Last updated on 2025-06-28 01:49:50 CEST.
Flavor | Version | Tinstall | Tcheck | Ttotal | Status | Flags |
---|---|---|---|---|---|---|
r-devel-linux-x86_64-debian-clang | 0.1.3 | 25.79 | 48.23 | 74.02 | OK | |
r-devel-linux-x86_64-debian-gcc | 0.1.3 | 17.38 | 36.12 | 53.50 | OK | |
r-devel-linux-x86_64-fedora-clang | 0.1.3 | 123.22 | OK | |||
r-devel-linux-x86_64-fedora-gcc | 0.1.3 | 116.78 | OK | |||
r-devel-windows-x86_64 | 0.1.3 | 28.00 | 86.00 | 114.00 | OK | |
r-patched-linux-x86_64 | OK | |||||
r-release-linux-x86_64 | 0.1.3 | 19.85 | 48.03 | 67.88 | OK | |
r-release-macos-arm64 | 0.1.3 | 38.00 | OK | |||
r-release-macos-x86_64 | 0.1.3 | 68.00 | OK | |||
r-release-windows-x86_64 | 0.1.3 | 25.00 | 88.00 | 113.00 | OK | |
r-oldrel-macos-arm64 | 0.1.3 | 36.00 | NOTE | |||
r-oldrel-macos-x86_64 | 0.1.3 | 89.00 | NOTE | |||
r-oldrel-windows-x86_64 | 0.1.3 | 34.00 | 106.00 | 140.00 | OK |
Version: 0.1.3
Check: installed package size
Result: NOTE
installed size is 6.6Mb
sub-directories of 1Mb or more:
libs 6.4Mb
Flavors: r-oldrel-macos-arm64, r-oldrel-macos-x86_64