Last updated on 2025-05-09 01:50:04 CEST.
Flavor | Version | Tinstall | Tcheck | Ttotal | Status | Flags |
---|---|---|---|---|---|---|
r-devel-linux-x86_64-debian-clang | 1.8 | 14.88 | 67.40 | 82.28 | NOTE | |
r-devel-linux-x86_64-debian-gcc | 1.8 | 13.75 | 51.89 | 65.64 | NOTE | |
r-devel-linux-x86_64-fedora-clang | 1.8 | 129.92 | OK | |||
r-devel-linux-x86_64-fedora-gcc | 1.8 | 125.25 | OK | |||
r-devel-windows-x86_64 | 1.8 | 18.00 | 82.00 | 100.00 | OK | |
r-patched-linux-x86_64 | 1.8 | 16.73 | 65.04 | 81.77 | OK | |
r-release-linux-x86_64 | 1.8 | 15.39 | 65.55 | 80.94 | OK | |
r-release-macos-arm64 | 1.8 | 45.00 | OK | |||
r-release-macos-x86_64 | 1.8 | 88.00 | OK | |||
r-release-windows-x86_64 | 1.8 | 18.00 | 86.00 | 104.00 | OK | |
r-oldrel-macos-arm64 | 1.8 | 45.00 | OK | |||
r-oldrel-macos-x86_64 | 1.8 | 64.00 | OK | |||
r-oldrel-windows-x86_64 | 1.8 | 24.00 | 103.00 | 127.00 | OK |
Version: 1.8
Check: CRAN incoming feasibility
Result: NOTE
Maintainer: ‘Han Lin Shang <hanlin.shang@anu.edu.au>’
No Authors@R field in DESCRIPTION.
Please add one, modifying
Authors@R: c(person(given = c("Han", "Lin"),
family = "Shang",
role = c("aut", "cre"),
email = "hanlin.shang@anu.edu.au"),
person(given = c("Rob", "J"),
family = "Hyndman",
role = "aut"))
as necessary.
Flavors: r-devel-linux-x86_64-debian-clang, r-devel-linux-x86_64-debian-gcc