Last updated on 2025-05-01 01:49:31 CEST.
Flavor | Version | Tinstall | Tcheck | Ttotal | Status | Flags |
---|---|---|---|---|---|---|
r-devel-linux-x86_64-debian-clang | 0.3.0 | 3.14 | 39.23 | 42.37 | NOTE | |
r-devel-linux-x86_64-debian-gcc | 0.3.0 | 2.10 | 33.25 | 35.35 | OK | |
r-devel-linux-x86_64-fedora-clang | 0.3.0 | 62.34 | OK | |||
r-devel-linux-x86_64-fedora-gcc | 0.3.0 | 59.11 | OK | |||
r-devel-windows-x86_64 | 0.3.0 | 5.00 | 79.00 | 84.00 | OK | |
r-patched-linux-x86_64 | 0.3.0 | 3.24 | 36.06 | 39.30 | OK | |
r-release-linux-x86_64 | 0.3.0 | 2.35 | 36.64 | 38.99 | OK | |
r-release-macos-arm64 | 0.3.0 | 53.00 | OK | |||
r-release-macos-x86_64 | 0.3.0 | 65.00 | OK | |||
r-release-windows-x86_64 | 0.3.0 | 4.00 | 94.00 | 98.00 | OK | |
r-oldrel-macos-arm64 | 0.3.0 | 39.00 | OK | |||
r-oldrel-macos-x86_64 | 0.3.0 | 58.00 | OK | |||
r-oldrel-windows-x86_64 | 0.3.0 | 5.00 | 80.00 | 85.00 | OK |
Version: 0.3.0
Check: examples
Result: NOTE
Examples with CPU (user + system) or elapsed time > 5s
user system elapsed
get_hvw_data 1.704 0.161 5.42
Flavor: r-devel-linux-x86_64-debian-clang
Version: 0.3.0
Check: examples
Result: NA
user system elapsed
get_hvw_data 1.895 0.582 9.863
OK
Flavor: r-devel-linux-x86_64-debian-gcc