Last updated on 2025-02-17 01:50:24 CET.
Flavor | Version | Tinstall | Tcheck | Ttotal | Status | Flags |
---|---|---|---|---|---|---|
r-devel-linux-x86_64-debian-clang | 1.0.2 | 35.87 | 67.45 | 103.32 | NOTE | |
r-devel-linux-x86_64-debian-gcc | 1.0.2 | 25.90 | 48.97 | 74.87 | NOTE | |
r-devel-linux-x86_64-fedora-clang | 1.0.2 | 201.64 | NOTE | |||
r-devel-linux-x86_64-fedora-gcc | 1.0.2 | 169.53 | NOTE | |||
r-devel-macos-arm64 | 1.0.2 | 76.00 | OK | |||
r-devel-macos-x86_64 | 1.0.2 | 150.00 | NOTE | |||
r-devel-windows-x86_64 | 1.0.2 | 64.00 | 89.00 | 153.00 | NOTE | |
r-patched-linux-x86_64 | 1.0.2 | 34.89 | 62.63 | 97.52 | NOTE | |
r-release-linux-x86_64 | 1.0.2 | 36.35 | 62.37 | 98.72 | NOTE | |
r-release-macos-arm64 | 1.0.2 | 62.00 | NOTE | |||
r-release-macos-x86_64 | 1.0.2 | 143.00 | NOTE | |||
r-release-windows-x86_64 | 1.0.2 | 69.00 | 84.00 | 153.00 | NOTE | |
r-oldrel-macos-arm64 | 1.0.2 | 74.00 | NOTE | |||
r-oldrel-macos-x86_64 | 1.0.2 | 154.00 | NOTE | |||
r-oldrel-windows-x86_64 | 1.0.2 | 51.00 | 92.00 | 143.00 | NOTE |
Version: 1.0.2
Check: DESCRIPTION meta-information
Result: NOTE
Missing dependency on R >= 4.1.0 because package code uses the pipe
|> or function shorthand \(...) syntax added in R 4.1.0.
File(s) using such syntax:
‘app_server.R’
Flavors: r-devel-linux-x86_64-debian-clang, r-devel-linux-x86_64-debian-gcc, r-devel-linux-x86_64-fedora-clang, r-devel-linux-x86_64-fedora-gcc, r-devel-macos-x86_64, r-devel-windows-x86_64
Version: 1.0.2
Check: package dependencies
Result: NOTE
Package suggested but not available for checking: ‘gridlayout’
Flavors: r-patched-linux-x86_64, r-release-linux-x86_64, r-release-macos-arm64, r-release-macos-x86_64, r-release-windows-x86_64, r-oldrel-macos-arm64, r-oldrel-macos-x86_64, r-oldrel-windows-x86_64
Version: 1.0.2
Check: installed package size
Result: NOTE
installed size is 6.3Mb
sub-directories of 1Mb or more:
data 6.1Mb
Flavors: r-release-macos-arm64, r-release-macos-x86_64, r-release-windows-x86_64, r-oldrel-macos-arm64, r-oldrel-macos-x86_64, r-oldrel-windows-x86_64