Last updated on 2024-05-21 02:02:02 CEST.
Flavor | Version | Tinstall | Tcheck | Ttotal | Status | Flags |
---|---|---|---|---|---|---|
r-devel-linux-x86_64-debian-clang | 0.1.6 | 5.67 | 48.73 | 54.40 | NOTE | |
r-devel-linux-x86_64-debian-gcc | 0.1.6 | 4.12 | 37.14 | 41.26 | NOTE | |
r-devel-linux-x86_64-fedora-clang | 0.1.6 | 68.30 | NOTE | |||
r-devel-linux-x86_64-fedora-gcc | 0.1.6 | 77.07 | NOTE | |||
r-devel-windows-x86_64 | 0.1.6 | 5.00 | 59.00 | 64.00 | NOTE | |
r-patched-linux-x86_64 | 0.1.6 | 3.16 | 47.42 | 50.58 | NOTE | |
r-release-linux-x86_64 | 0.1.6 | 3.53 | 45.63 | 49.16 | NOTE | |
r-release-macos-arm64 | 0.1.6 | 27.00 | NOTE | |||
r-release-windows-x86_64 | 0.1.6 | 7.00 | 58.00 | 65.00 | NOTE | |
r-oldrel-macos-arm64 | 0.1.6 | 32.00 | NOTE | |||
r-oldrel-macos-x86_64 | 0.1.6 | 43.00 | NOTE | |||
r-oldrel-windows-x86_64 | 0.1.6 | 8.00 | 61.00 | 69.00 | NOTE |
Version: 0.1.6
Check: LazyData
Result: NOTE
'LazyData' is specified without a 'data' directory
Flavors: r-devel-linux-x86_64-debian-clang, r-devel-linux-x86_64-debian-gcc, r-devel-linux-x86_64-fedora-clang, r-devel-linux-x86_64-fedora-gcc, r-devel-windows-x86_64, r-patched-linux-x86_64, r-release-linux-x86_64, r-release-macos-arm64, r-release-windows-x86_64, r-oldrel-macos-arm64, r-oldrel-macos-x86_64, r-oldrel-windows-x86_64