Last updated on 2025-11-24 01:48:37 CET.
| Flavor | Version | Tinstall | Tcheck | Ttotal | Status | Flags |
|---|---|---|---|---|---|---|
| r-devel-linux-x86_64-debian-clang | 1.8 | 11.92 | 133.97 | 145.89 | NOTE | |
| r-devel-linux-x86_64-debian-gcc | 1.8 | 9.98 | 93.42 | 103.40 | NOTE | |
| r-devel-linux-x86_64-fedora-clang | 1.8 | 34.00 | 195.56 | 229.56 | NOTE | |
| r-devel-linux-x86_64-fedora-gcc | 1.8 | 28.00 | 197.99 | 225.99 | NOTE | |
| r-devel-windows-x86_64 | 1.8 | 17.00 | 132.00 | 149.00 | NOTE | |
| r-patched-linux-x86_64 | 1.8 | 15.15 | 124.42 | 139.57 | NOTE | |
| r-release-linux-x86_64 | 1.8 | 13.58 | 125.38 | 138.96 | NOTE | |
| r-release-macos-arm64 | 1.8 | NOTE | ||||
| r-release-macos-x86_64 | 1.8 | 16.00 | 158.00 | 174.00 | NOTE | |
| r-release-windows-x86_64 | 1.8 | 16.00 | 129.00 | 145.00 | NOTE | |
| r-oldrel-macos-arm64 | 1.8 | NOTE | ||||
| r-oldrel-macos-x86_64 | 1.8 | 15.00 | 83.00 | 98.00 | NOTE | |
| r-oldrel-windows-x86_64 | 1.8 | 21.00 | 160.00 | 181.00 | NOTE |
Version: 1.8
Check: CRAN incoming feasibility
Result: NOTE
Maintainer: ‘Pascal Kerschke <kerschke@uni-muenster.de>’
Found the following URLs which should use \doi (with the DOI name only):
File ‘features.Rd’:
http://dx.doi.org/10.1007/978-3-319-07494-8_9
http://dx.doi.org/10.1145/2739480.2754642
http://dx.doi.org/10.1145/1143997.1144085
http://dx.doi.org/10.1145/2001576.2001690
http://dx.doi.org/10.1109/TEVC.2014.2302006
File ‘plotCellMapping.Rd’:
http://dx.doi.org/10.1007/978-3-319-07494-8_9
File ‘plotInformationContent.Rd’:
http://dx.doi.org/10.1109/TEVC.2014.2302006
Flavors: r-devel-linux-x86_64-debian-clang, r-devel-linux-x86_64-debian-gcc
Version: 1.8
Check: Rd files
Result: NOTE
checkRd: (-1) convertInitDesignToGrid.Rd:11: Lost braces; missing escapes or markup?
11 | The initial design, consisting of \code{d + 1} columns ({d} dimensions and
| ^
Flavors: r-devel-linux-x86_64-debian-clang, r-devel-linux-x86_64-debian-gcc, r-devel-linux-x86_64-fedora-clang, r-devel-linux-x86_64-fedora-gcc, r-devel-windows-x86_64, r-patched-linux-x86_64, r-release-linux-x86_64, r-release-macos-arm64, r-release-macos-x86_64, r-release-windows-x86_64, r-oldrel-macos-arm64, r-oldrel-macos-x86_64, r-oldrel-windows-x86_64