Last updated on 2024-05-21 02:02:02 CEST.
Flavor | Version | Tinstall | Tcheck | Ttotal | Status | Flags |
---|---|---|---|---|---|---|
r-devel-linux-x86_64-debian-clang | 1.8 | 13.27 | 145.82 | 159.09 | NOTE | |
r-devel-linux-x86_64-debian-gcc | 1.8 | 11.50 | 108.43 | 119.93 | NOTE | |
r-devel-linux-x86_64-fedora-clang | 1.8 | 201.85 | NOTE | |||
r-devel-linux-x86_64-fedora-gcc | 1.8 | 203.33 | NOTE | |||
r-devel-windows-x86_64 | 1.8 | 16.00 | 123.00 | 139.00 | NOTE | |
r-patched-linux-x86_64 | 1.8 | 13.45 | 139.24 | 152.69 | NOTE | |
r-release-linux-x86_64 | 1.8 | 13.12 | 142.50 | 155.62 | NOTE | |
r-release-macos-arm64 | 1.8 | 54.00 | NOTE | |||
r-release-windows-x86_64 | 1.8 | 15.00 | 126.00 | 141.00 | NOTE | |
r-oldrel-macos-arm64 | 1.8 | 62.00 | OK | |||
r-oldrel-macos-x86_64 | 1.8 | 102.00 | OK | |||
r-oldrel-windows-x86_64 | 1.8 | 18.00 | 145.00 | 163.00 | OK |
Version: 1.8
Check: Rd files
Result: NOTE
checkRd: (-1) convertInitDesignToGrid.Rd:11: Lost braces; missing escapes or markup?
11 | The initial design, consisting of \code{d + 1} columns ({d} dimensions and
| ^
Flavors: r-devel-linux-x86_64-debian-clang, r-devel-linux-x86_64-debian-gcc, r-devel-linux-x86_64-fedora-clang, r-devel-linux-x86_64-fedora-gcc, r-devel-windows-x86_64, r-patched-linux-x86_64, r-release-linux-x86_64, r-release-macos-arm64, r-release-windows-x86_64