Last updated on 2025-05-06 02:50:18 CEST.
Flavor | Version | Tinstall | Tcheck | Ttotal | Status | Flags |
---|---|---|---|---|---|---|
r-devel-linux-x86_64-debian-clang | 3.2 | 13.80 | 45.58 | 59.38 | NOTE | |
r-devel-linux-x86_64-debian-gcc | 3.2 | 10.79 | 30.80 | 41.59 | NOTE | |
r-devel-linux-x86_64-fedora-clang | 3.2 | 101.23 | NOTE | |||
r-devel-linux-x86_64-fedora-gcc | 3.2 | 100.00 | NOTE | |||
r-devel-windows-x86_64 | 3.2 | 17.00 | 77.00 | 94.00 | NOTE | |
r-patched-linux-x86_64 | 3.2 | 14.86 | 43.52 | 58.38 | NOTE | |
r-release-linux-x86_64 | 3.2 | 14.67 | 44.61 | 59.28 | NOTE | |
r-release-macos-arm64 | 3.2 | 30.00 | NOTE | |||
r-release-macos-x86_64 | 3.2 | 57.00 | NOTE | |||
r-release-windows-x86_64 | 3.2 | 16.00 | 79.00 | 95.00 | NOTE | |
r-oldrel-macos-arm64 | 3.2 | 30.00 | NOTE | |||
r-oldrel-macos-x86_64 | 3.2 | 45.00 | NOTE | |||
r-oldrel-windows-x86_64 | 3.2 | 16.00 | 96.00 | 112.00 | NOTE |
Version: 3.2
Check: CRAN incoming feasibility
Result: NOTE
Maintainer: ‘Ashley Petersen <ashleyjpete@gmail.com>’
No Authors@R field in DESCRIPTION.
Please add one, modifying
Authors@R: person(given = "Ashley",
family = "Petersen",
role = c("aut", "cre"),
email = "ashleyjpete@gmail.com")
as necessary.
Flavors: r-devel-linux-x86_64-debian-clang, r-devel-linux-x86_64-debian-gcc
Version: 3.2
Check: Rd files
Result: NOTE
checkRd: (-1) summary.flamcv.rd:8: Lost braces
8 | This function summarizes a call to code{\link{flamCV}} and identifies the tuning parameter chosen by cross-validation.
| ^
Flavors: r-devel-linux-x86_64-debian-clang, r-devel-linux-x86_64-debian-gcc, r-devel-linux-x86_64-fedora-clang, r-devel-linux-x86_64-fedora-gcc, r-devel-windows-x86_64, r-patched-linux-x86_64, r-release-linux-x86_64, r-release-macos-arm64, r-release-macos-x86_64, r-release-windows-x86_64, r-oldrel-macos-arm64, r-oldrel-macos-x86_64, r-oldrel-windows-x86_64