CRAN Package Check Results for Package flifo

Last updated on 2025-02-25 01:51:17 CET.

Flavor Version Tinstall Tcheck Ttotal Status Flags
r-devel-linux-x86_64-debian-clang 0.1.5 3.50 32.27 35.77 OK
r-devel-linux-x86_64-debian-gcc 0.1.5 2.50 25.66 28.16 OK
r-devel-linux-x86_64-fedora-clang 0.1.5 58.73 OK
r-devel-linux-x86_64-fedora-gcc 0.1.5 71.89 OK
r-devel-macos-arm64 0.1.5 31.00 OK
r-devel-macos-x86_64 0.1.5 55.00 OK
r-devel-windows-x86_64 0.1.5 5.00 54.00 59.00 OK
r-patched-linux-x86_64 0.1.5 3.30 30.88 34.18 NOTE
r-release-linux-x86_64 0.1.5 3.07 31.25 34.32 NOTE
r-release-macos-arm64 0.1.5 27.00 NOTE
r-release-macos-x86_64 0.1.5 47.00 NOTE
r-release-windows-x86_64 0.1.5 5.00 53.00 58.00 NOTE
r-oldrel-macos-arm64 0.1.5 26.00 NOTE
r-oldrel-macos-x86_64 0.1.5 41.00 NOTE
r-oldrel-windows-x86_64 0.1.5 5.00 58.00 63.00 NOTE

Check Details

Version: 0.1.5
Check: LazyData
Result: NOTE 'LazyData' is specified without a 'data' directory Flavors: r-patched-linux-x86_64, r-release-linux-x86_64, r-release-macos-arm64, r-release-macos-x86_64, r-release-windows-x86_64, r-oldrel-macos-arm64, r-oldrel-macos-x86_64, r-oldrel-windows-x86_64