Last updated on 2025-02-07 02:48:29 CET.
Flavor | Version | Tinstall | Tcheck | Ttotal | Status | Flags |
---|---|---|---|---|---|---|
r-devel-linux-x86_64-debian-clang | 0.2.1 | 2.03 | 20.94 | 22.97 | OK | |
r-devel-linux-x86_64-debian-gcc | 0.2.1 | 1.52 | 17.20 | 18.72 | OK | |
r-devel-linux-x86_64-fedora-clang | 0.2.1 | 37.57 | OK | |||
r-devel-linux-x86_64-fedora-gcc | 0.2.1 | 34.04 | OK | |||
r-devel-windows-x86_64 | 0.2.1 | 3.00 | 44.00 | 47.00 | OK | |
r-patched-linux-x86_64 | 0.2.1 | 2.43 | 19.93 | 22.36 | NOTE | |
r-release-linux-x86_64 | 0.2.1 | 1.97 | 20.18 | 22.15 | NOTE | |
r-release-macos-arm64 | 0.2.1 | 17.00 | NOTE | |||
r-release-macos-x86_64 | 0.2.1 | 26.00 | NOTE | |||
r-release-windows-x86_64 | 0.2.1 | 4.00 | 46.00 | 50.00 | NOTE | |
r-oldrel-macos-arm64 | 0.2.1 | 17.00 | NOTE | |||
r-oldrel-macos-x86_64 | 0.2.1 | 23.00 | NOTE | |||
r-oldrel-windows-x86_64 | 0.2.1 | 4.00 | 50.00 | 54.00 | NOTE |
Version: 0.2.1
Check: LazyData
Result: NOTE
'LazyData' is specified without a 'data' directory
Flavors: r-patched-linux-x86_64, r-release-linux-x86_64, r-release-macos-arm64, r-release-macos-x86_64, r-release-windows-x86_64, r-oldrel-macos-arm64, r-oldrel-macos-x86_64, r-oldrel-windows-x86_64