CRAN Package Check Results for Package forecastML

Last updated on 2025-11-11 01:49:52 CET.

Flavor Version Tinstall Tcheck Ttotal Status Flags
r-devel-linux-x86_64-debian-clang 0.9.0 13.99 489.46 503.45 NOTE
r-devel-linux-x86_64-debian-gcc 0.9.0 8.27 318.78 327.05 NOTE
r-devel-linux-x86_64-fedora-clang 0.9.0 57.00 740.59 797.59 NOTE
r-devel-linux-x86_64-fedora-gcc 0.9.0 26.00 701.17 727.17 NOTE
r-devel-windows-x86_64 0.9.0 14.00 330.00 344.00 OK
r-patched-linux-x86_64 0.9.0 11.84 452.25 464.09 OK
r-release-linux-x86_64 0.9.0 12.28 452.91 465.19 OK
r-release-macos-arm64 0.9.0 4.00 227.00 231.00 OK
r-release-macos-x86_64 0.9.0 10.00 481.00 491.00 OK
r-release-windows-x86_64 0.9.0 16.00 327.00 343.00 OK
r-oldrel-macos-arm64 0.9.0 5.00 207.00 212.00 OK
r-oldrel-macos-x86_64 0.9.0 14.00 373.00 387.00 OK
r-oldrel-windows-x86_64 0.9.0 19.00 443.00 462.00 OK

Check Details

Version: 0.9.0
Check: CRAN incoming feasibility
Result: NOTE Maintainer: ‘Nickalus Redell <nickalusredell@gmail.com>’ No Authors@R field in DESCRIPTION. Please add one, modifying Authors@R: person(given = "Nickalus", family = "Redell", role = c("aut", "cre"), email = "nickalusredell@gmail.com") as necessary. Flavors: r-devel-linux-x86_64-debian-clang, r-devel-linux-x86_64-debian-gcc

Version: 0.9.0
Check: dependencies in R code
Result: NOTE Namespace in Imports field not imported from: ‘dtplyr’ All declared Imports should be used. Flavors: r-devel-linux-x86_64-fedora-clang, r-devel-linux-x86_64-fedora-gcc