Last updated on 2024-05-21 02:02:02 CEST.
Flavor | Version | Tinstall | Tcheck | Ttotal | Status | Flags |
---|---|---|---|---|---|---|
r-devel-linux-x86_64-debian-clang | 2.1.0 | 4.41 | 65.17 | 69.58 | OK | |
r-devel-linux-x86_64-debian-gcc | 2.1.0 | 3.37 | 48.54 | 51.91 | OK | |
r-devel-linux-x86_64-fedora-clang | 2.1.0 | 91.15 | NOTE | |||
r-devel-linux-x86_64-fedora-gcc | 2.1.0 | 96.05 | NOTE | |||
r-devel-windows-x86_64 | 2.1.0 | 6.00 | 78.00 | 84.00 | OK | |
r-patched-linux-x86_64 | 2.1.0 | 4.09 | 61.70 | 65.79 | OK | |
r-release-linux-x86_64 | 2.1.0 | 4.44 | 59.59 | 64.03 | OK | |
r-release-macos-arm64 | 2.1.0 | 37.00 | OK | |||
r-release-windows-x86_64 | 2.1.0 | 5.00 | 79.00 | 84.00 | OK | |
r-oldrel-macos-arm64 | 2.1.0 | 41.00 | OK | |||
r-oldrel-macos-x86_64 | 2.1.0 | 55.00 | OK | |||
r-oldrel-windows-x86_64 | 2.1.0 | 6.00 | 83.00 | 89.00 | OK |
Version: 2.1.0
Check: data for non-ASCII characters
Result: NOTE
Note: found 1 marked UTF-8 string
Flavors: r-devel-linux-x86_64-fedora-clang, r-devel-linux-x86_64-fedora-gcc