Last updated on 2024-05-21 02:02:02 CEST.
Flavor | Version | Tinstall | Tcheck | Ttotal | Status | Flags |
---|---|---|---|---|---|---|
r-devel-linux-x86_64-debian-clang | 0.2.0 | 6.07 | 42.30 | 48.37 | NOTE | |
r-devel-linux-x86_64-debian-gcc | 0.2.0 | 3.87 | 32.61 | 36.48 | NOTE | |
r-devel-linux-x86_64-fedora-clang | 0.2.0 | 62.65 | NOTE | |||
r-devel-linux-x86_64-fedora-gcc | 0.2.0 | 56.59 | NOTE | |||
r-devel-windows-x86_64 | 0.2.0 | 6.00 | 52.00 | 58.00 | NOTE | |
r-patched-linux-x86_64 | 0.2.0 | 3.35 | 40.99 | 44.34 | NOTE | |
r-release-linux-x86_64 | 0.2.0 | 3.83 | 41.03 | 44.86 | NOTE | |
r-release-macos-arm64 | 0.2.0 | 21.00 | NOTE | |||
r-release-windows-x86_64 | 0.2.0 | 8.00 | 53.00 | 61.00 | NOTE | |
r-oldrel-macos-arm64 | 0.2.0 | 21.00 | NOTE | |||
r-oldrel-macos-x86_64 | 0.2.0 | 30.00 | NOTE | |||
r-oldrel-windows-x86_64 | 0.2.0 | 7.00 | 59.00 | 66.00 | NOTE |
Version: 0.2.0
Check: LazyData
Result: NOTE
'LazyData' is specified without a 'data' directory
Flavors: r-devel-linux-x86_64-debian-clang, r-devel-linux-x86_64-debian-gcc, r-devel-linux-x86_64-fedora-clang, r-devel-linux-x86_64-fedora-gcc, r-devel-windows-x86_64, r-patched-linux-x86_64, r-release-linux-x86_64, r-release-macos-arm64, r-release-windows-x86_64, r-oldrel-macos-arm64, r-oldrel-macos-x86_64, r-oldrel-windows-x86_64