Last updated on 2025-05-01 01:49:31 CEST.
Flavor | Version | Tinstall | Tcheck | Ttotal | Status | Flags |
---|---|---|---|---|---|---|
r-devel-linux-x86_64-debian-clang | 0.2.2 | 12.83 | 126.16 | 138.99 | NOTE | |
r-devel-linux-x86_64-debian-gcc | 0.2.2 | 8.76 | 88.39 | 97.15 | OK | |
r-devel-linux-x86_64-fedora-clang | 0.2.2 | 233.67 | OK | |||
r-devel-linux-x86_64-fedora-gcc | 0.2.2 | 197.03 | OK | |||
r-devel-windows-x86_64 | 0.2.2 | 17.00 | 138.00 | 155.00 | OK | |
r-patched-linux-x86_64 | 0.2.2 | 12.54 | 116.12 | 128.66 | OK | |
r-release-linux-x86_64 | 0.2.2 | 14.00 | 116.25 | 130.25 | OK | |
r-release-macos-arm64 | 0.2.2 | 91.00 | OK | |||
r-release-macos-x86_64 | 0.2.2 | 123.00 | OK | |||
r-release-windows-x86_64 | 0.2.2 | 18.00 | 139.00 | 157.00 | OK | |
r-oldrel-macos-arm64 | 0.2.2 | 65.00 | OK | |||
r-oldrel-macos-x86_64 | 0.2.2 | 182.00 | OK | |||
r-oldrel-windows-x86_64 | 0.2.2 | 20.00 | 160.00 | 180.00 | OK |
Version: 0.2.2
Check: examples
Result: NOTE
Examples with CPU (user + system) or elapsed time > 5s
user system elapsed
funspace 4.084 0.271 5.206
Flavor: r-devel-linux-x86_64-debian-clang