Last updated on 2025-10-25 01:51:00 CEST.
| Flavor | Version | Tinstall | Tcheck | Ttotal | Status | Flags |
|---|---|---|---|---|---|---|
| r-devel-linux-x86_64-debian-clang | 0.1.2 | 7.36 | 44.95 | 52.31 | OK | |
| r-devel-linux-x86_64-debian-gcc | 0.1.2 | 5.61 | 32.23 | 37.84 | OK | |
| r-devel-linux-x86_64-fedora-clang | 0.1.2 | 41.00 | 44.84 | 85.84 | NOTE | |
| r-devel-linux-x86_64-fedora-gcc | 0.1.2 | 18.00 | 59.23 | 77.23 | NOTE | |
| r-devel-windows-x86_64 | 0.1.2 | 9.00 | 56.00 | 65.00 | OK | |
| r-patched-linux-x86_64 | 0.1.2 | 7.88 | 42.82 | 50.70 | OK | |
| r-release-linux-x86_64 | 0.1.2 | 7.42 | 42.52 | 49.94 | OK | |
| r-release-macos-arm64 | 0.1.2 | 5.00 | 28.00 | 33.00 | OK | |
| r-release-macos-x86_64 | 0.1.2 | 10.00 | 45.00 | 55.00 | OK | |
| r-release-windows-x86_64 | 0.1.2 | 10.00 | 56.00 | 66.00 | OK | |
| r-oldrel-macos-arm64 | 0.1.2 | 4.00 | 22.00 | 26.00 | OK | |
| r-oldrel-macos-x86_64 | 0.1.2 | 6.00 | 35.00 | 41.00 | OK | |
| r-oldrel-windows-x86_64 | 0.1.2 | 13.00 | 68.00 | 81.00 | OK |
Version: 0.1.2
Check: dependencies in R code
Result: NOTE
Namespaces in Imports field not imported from:
‘bigalgebra’ ‘biganalytics’
All declared Imports should be used.
Flavors: r-devel-linux-x86_64-fedora-clang, r-devel-linux-x86_64-fedora-gcc