Last updated on 2025-02-10 01:48:21 CET.
Flavor | Version | Tinstall | Tcheck | Ttotal | Status | Flags |
---|---|---|---|---|---|---|
r-devel-linux-x86_64-debian-clang | 1.0.0 | 8.21 | 76.16 | 84.37 | OK | |
r-devel-linux-x86_64-debian-gcc | 1.0.0 | 5.13 | 55.68 | 60.81 | OK | |
r-devel-linux-x86_64-fedora-clang | 1.0.0 | 137.90 | OK | |||
r-devel-linux-x86_64-fedora-gcc | 1.0.0 | 141.78 | OK | |||
r-devel-windows-x86_64 | 1.0.0 | 8.00 | 89.00 | 97.00 | OK | |
r-patched-linux-x86_64 | 1.0.0 | 7.90 | 73.14 | 81.04 | NOTE | |
r-release-linux-x86_64 | 1.0.0 | 6.58 | 71.39 | 77.97 | NOTE | |
r-release-macos-arm64 | 1.0.0 | 45.00 | NOTE | |||
r-release-macos-x86_64 | 1.0.0 | 68.00 | NOTE | |||
r-release-windows-x86_64 | 1.0.0 | 7.00 | 89.00 | 96.00 | NOTE | |
r-oldrel-macos-arm64 | 1.0.0 | 50.00 | NOTE | |||
r-oldrel-macos-x86_64 | 1.0.0 | 72.00 | NOTE | |||
r-oldrel-windows-x86_64 | 1.0.0 | 9.00 | 99.00 | 108.00 | NOTE |
Version: 1.0.0
Check: LazyData
Result: NOTE
'LazyData' is specified without a 'data' directory
Flavors: r-patched-linux-x86_64, r-release-linux-x86_64, r-release-macos-arm64, r-release-macos-x86_64, r-release-windows-x86_64, r-oldrel-macos-arm64, r-oldrel-macos-x86_64, r-oldrel-windows-x86_64