CRAN Package Check Results for Package gTests

Last updated on 2025-05-05 01:50:49 CEST.

Flavor Version Tinstall Tcheck Ttotal Status Flags
r-devel-linux-x86_64-debian-clang 0.2 3.87 30.95 34.82 NOTE
r-devel-linux-x86_64-debian-gcc 0.2 2.68 23.41 26.09 NOTE
r-devel-linux-x86_64-fedora-clang 0.2 57.98 OK
r-devel-linux-x86_64-fedora-gcc 0.2 52.80 OK
r-devel-windows-x86_64 0.2 5.00 52.00 57.00 OK
r-patched-linux-x86_64 0.2 3.36 29.22 32.58 OK
r-release-linux-x86_64 0.2 3.54 29.35 32.89 OK
r-release-macos-arm64 0.2 25.00 OK
r-release-macos-x86_64 0.2 34.00 OK
r-release-windows-x86_64 0.2 5.00 51.00 56.00 OK
r-oldrel-macos-arm64 0.2 20.00 OK
r-oldrel-macos-x86_64 0.2 29.00 OK
r-oldrel-windows-x86_64 0.2 6.00 56.00 62.00 OK

Check Details

Version: 0.2
Check: CRAN incoming feasibility
Result: NOTE Maintainer: ‘Hao Chen <hxchen@ucdavis.edu>’ No Authors@R field in DESCRIPTION. Please add one, modifying Authors@R: c(person(given = "Hao", family = "Chen", role = c("aut", "cre"), email = "hxchen@ucdavis.edu"), person(given = "Jingru", family = "Zhang", role = "aut")) as necessary. Flavors: r-devel-linux-x86_64-debian-clang, r-devel-linux-x86_64-debian-gcc