Last updated on 2024-05-21 02:02:02 CEST.
Flavor | Version | Tinstall | Tcheck | Ttotal | Status | Flags |
---|---|---|---|---|---|---|
r-devel-linux-x86_64-debian-clang | 0.11-1 | 11.93 | 251.25 | 263.18 | OK | |
r-devel-linux-x86_64-debian-gcc | 0.11-1 | 8.53 | 178.48 | 187.01 | OK | |
r-devel-linux-x86_64-fedora-clang | 0.11-1 | 311.93 | NOTE | |||
r-devel-linux-x86_64-fedora-gcc | 0.11-1 | 306.87 | OK | |||
r-devel-windows-x86_64 | 0.11-1 | 9.00 | 194.00 | 203.00 | OK | |
r-patched-linux-x86_64 | 0.11-1 | 14.58 | 237.31 | 251.89 | OK | |
r-release-linux-x86_64 | 0.11-1 | 11.16 | 235.69 | 246.85 | OK | |
r-release-macos-arm64 | 0.11-1 | 83.00 | OK | |||
r-release-macos-x86_64 | 0.11-1 | 296.00 | OK | |||
r-release-windows-x86_64 | 0.11-1 | 10.00 | 194.00 | 204.00 | OK | |
r-oldrel-macos-arm64 | 0.11-1 | 94.00 | OK | |||
r-oldrel-macos-x86_64 | 0.11-1 | 255.00 | OK | |||
r-oldrel-windows-x86_64 | 0.11-1 | 12.00 | 242.00 | 254.00 | OK |
Version: 0.11-1
Check: Rd cross-references
Result: NOTE
Undeclared package ‘mfdb’ in Rd xrefs
Flavor: r-devel-linux-x86_64-fedora-clang