Last updated on 2024-05-21 02:02:02 CEST.
Flavor | Version | Tinstall | Tcheck | Ttotal | Status | Flags |
---|---|---|---|---|---|---|
r-devel-linux-x86_64-debian-clang | 3.5.1 | 16.81 | 120.72 | 137.53 | NOTE | |
r-devel-linux-x86_64-debian-gcc | 3.5.1 | 12.58 | 86.39 | 98.97 | NOTE | |
r-devel-linux-x86_64-fedora-clang | 3.5.1 | 165.24 | NOTE | |||
r-devel-linux-x86_64-fedora-gcc | 3.5.1 | 155.79 | NOTE | |||
r-devel-windows-x86_64 | 3.5.1 | 13.00 | 97.00 | 110.00 | NOTE | |
r-patched-linux-x86_64 | 3.5.1 | 17.82 | 112.89 | 130.71 | NOTE | |
r-release-linux-x86_64 | 3.5.1 | 14.36 | 114.43 | 128.79 | NOTE | |
r-release-macos-arm64 | 3.5.1 | 43.00 | NOTE | |||
r-release-windows-x86_64 | 3.5.1 | 14.00 | 98.00 | 112.00 | NOTE | |
r-oldrel-macos-arm64 | 3.5.1 | 46.00 | NOTE | |||
r-oldrel-macos-x86_64 | 3.5.1 | 82.00 | NOTE | |||
r-oldrel-windows-x86_64 | 3.5.1 | 17.00 | 120.00 | 137.00 | NOTE |
Version: 3.5.1
Check: LazyData
Result: NOTE
'LazyData' is specified without a 'data' directory
Flavors: r-devel-linux-x86_64-debian-clang, r-devel-linux-x86_64-debian-gcc, r-devel-linux-x86_64-fedora-clang, r-devel-linux-x86_64-fedora-gcc, r-devel-windows-x86_64, r-patched-linux-x86_64, r-release-linux-x86_64, r-release-macos-arm64, r-release-windows-x86_64, r-oldrel-macos-arm64, r-oldrel-macos-x86_64, r-oldrel-windows-x86_64