Last updated on 2025-04-30 01:50:20 CEST.
Flavor | Version | Tinstall | Tcheck | Ttotal | Status | Flags |
---|---|---|---|---|---|---|
r-devel-linux-x86_64-debian-clang | 2.0-2 | 8.21 | 60.69 | 68.90 | NOTE | |
r-devel-linux-x86_64-debian-gcc | 2.0-2 | 6.44 | 45.28 | 51.72 | OK | |
r-devel-linux-x86_64-fedora-clang | 2.0-2 | 112.22 | OK | |||
r-devel-linux-x86_64-fedora-gcc | 2.0-2 | 101.81 | OK | |||
r-devel-windows-x86_64 | 2.0-2 | 13.00 | 88.00 | 101.00 | OK | |
r-patched-linux-x86_64 | 2.0-2 | 9.26 | 59.20 | 68.46 | OK | |
r-release-linux-x86_64 | 2.0-2 | 8.94 | 59.40 | 68.34 | OK | |
r-release-macos-arm64 | 2.0-2 | 40.00 | OK | |||
r-release-macos-x86_64 | 2.0-2 | 69.00 | OK | |||
r-release-windows-x86_64 | 2.0-2 | 12.00 | 87.00 | 99.00 | OK | |
r-oldrel-macos-arm64 | 2.0-2 | 36.00 | OK | |||
r-oldrel-macos-x86_64 | 2.0-2 | 56.00 | OK | |||
r-oldrel-windows-x86_64 | 2.0-2 | 14.00 | 100.00 | 114.00 | OK |
Version: 2.0-2
Check: examples
Result: NOTE
Examples with CPU (user + system) or elapsed time > 5s
user system elapsed
summary.gSlc 1.573 0.071 5.195
Flavor: r-devel-linux-x86_64-debian-clang