Last updated on 2025-05-01 01:49:32 CEST.
Flavor | Version | Tinstall | Tcheck | Ttotal | Status | Flags |
---|---|---|---|---|---|---|
r-devel-linux-x86_64-debian-clang | 2.0-2 | 88.83 | 43.52 | 132.35 | OK | |
r-devel-linux-x86_64-debian-gcc | 2.0-2 | 61.01 | 32.14 | 93.15 | OK | |
r-devel-linux-x86_64-fedora-clang | 2.0-2 | 262.41 | OK | |||
r-devel-linux-x86_64-fedora-gcc | 2.0-2 | 246.27 | OK | |||
r-devel-windows-x86_64 | 2.0-2 | 103.00 | 93.00 | 196.00 | OK | |
r-patched-linux-x86_64 | 2.0-2 | 86.15 | 43.19 | 129.34 | OK | |
r-release-linux-x86_64 | 2.0-2 | 81.80 | 43.06 | 124.86 | OK | |
r-release-macos-arm64 | 2.0-2 | 69.00 | OK | |||
r-release-macos-x86_64 | 2.0-2 | 88.00 | OK | |||
r-release-windows-x86_64 | 2.0-2 | 102.00 | 97.00 | 199.00 | OK | |
r-oldrel-macos-arm64 | 2.0-2 | 66.00 | NOTE | |||
r-oldrel-macos-x86_64 | 2.0-2 | 90.00 | NOTE | |||
r-oldrel-windows-x86_64 | 2.0-2 | 114.00 | 105.00 | 219.00 | OK |
Version: 2.0-2
Check: installed package size
Result: NOTE
installed size is 6.2Mb
sub-directories of 1Mb or more:
libs 5.2Mb
Flavors: r-oldrel-macos-arm64, r-oldrel-macos-x86_64