Last updated on 2025-11-13 02:52:19 CET.
| Flavor | Version | Tinstall | Tcheck | Ttotal | Status | Flags |
|---|---|---|---|---|---|---|
| r-devel-linux-x86_64-debian-clang | 1.0.2 | 2.72 | 87.13 | 89.85 | NOTE | |
| r-devel-linux-x86_64-debian-gcc | 1.0.2 | 1.98 | 62.70 | 64.68 | NOTE | |
| r-devel-linux-x86_64-fedora-clang | 1.0.2 | 147.86 | OK | |||
| r-devel-linux-x86_64-fedora-gcc | 1.0.2 | 140.00 | OK | |||
| r-devel-windows-x86_64 | 1.0.2 | 5.00 | 237.00 | 242.00 | OK | |
| r-patched-linux-x86_64 | 1.0.2 | 2.61 | 81.92 | 84.53 | OK | |
| r-release-linux-x86_64 | 1.0.2 | 2.43 | 82.74 | 85.17 | OK | |
| r-release-macos-arm64 | 1.0.2 | 2.00 | 133.00 | 135.00 | OK | |
| r-release-macos-x86_64 | 1.0.2 | 2.00 | 296.00 | 298.00 | OK | |
| r-release-windows-x86_64 | 1.0.2 | 6.00 | 236.00 | 242.00 | OK | |
| r-oldrel-macos-arm64 | 1.0.2 | 2.00 | 121.00 | 123.00 | OK | |
| r-oldrel-macos-x86_64 | 1.0.2 | 2.00 | 253.00 | 255.00 | OK | |
| r-oldrel-windows-x86_64 | 1.0.2 | 6.00 | 353.00 | 359.00 | OK |
Version: 1.0.2
Check: CRAN incoming feasibility
Result: NOTE
Maintainer: ‘Ian Lundberg <ianlundberg@ucla.edu>’
Package CITATION file contains call(s) to old-style personList() or
as.personList(). Please use c() on person objects instead.
Package CITATION file contains call(s) to old-style citEntry(). Please
use bibentry() instead.
Flavors: r-devel-linux-x86_64-debian-clang, r-devel-linux-x86_64-debian-gcc