Last updated on 2025-05-06 02:50:19 CEST.
Flavor | Version | Tinstall | Tcheck | Ttotal | Status | Flags |
---|---|---|---|---|---|---|
r-devel-linux-x86_64-debian-clang | 1.0-3 | 2.78 | 34.75 | 37.53 | NOTE | |
r-devel-linux-x86_64-debian-gcc | 1.0-3 | 2.01 | 26.16 | 28.17 | NOTE | |
r-devel-linux-x86_64-fedora-clang | 1.0-3 | 60.81 | OK | |||
r-devel-linux-x86_64-fedora-gcc | 1.0-3 | 55.98 | OK | |||
r-devel-windows-x86_64 | 1.0-3 | 4.00 | 65.00 | 69.00 | OK | |
r-patched-linux-x86_64 | 1.0-3 | 4.03 | 33.29 | 37.32 | OK | |
r-release-linux-x86_64 | 1.0-3 | 2.12 | 32.88 | 35.00 | OK | |
r-release-macos-arm64 | 1.0-3 | 25.00 | OK | |||
r-release-macos-x86_64 | 1.0-3 | 35.00 | OK | |||
r-release-windows-x86_64 | 1.0-3 | 5.00 | 66.00 | 71.00 | OK | |
r-oldrel-macos-arm64 | 1.0-3 | 18.00 | OK | |||
r-oldrel-macos-x86_64 | 1.0-3 | 29.00 | OK | |||
r-oldrel-windows-x86_64 | 1.0-3 | 3.00 | 72.00 | 75.00 | OK |
Version: 1.0-3
Check: CRAN incoming feasibility
Result: NOTE
Maintainer: ‘Frederick Novomestky <fnovomes@poly.edu>’
No Authors@R field in DESCRIPTION.
Please add one, modifying
Authors@R: person(given = "Frederick",
family = "Novomestky",
role = c("aut", "cre"),
email = "fnovomes@poly.edu")
as necessary.
Flavors: r-devel-linux-x86_64-debian-clang, r-devel-linux-x86_64-debian-gcc