Last updated on 2025-11-19 01:48:48 CET.
| Flavor | Version | Tinstall | Tcheck | Ttotal | Status | Flags |
|---|---|---|---|---|---|---|
| r-devel-linux-x86_64-debian-clang | 1.0.0 | 4.00 | 41.81 | 45.81 | NOTE | |
| r-devel-linux-x86_64-debian-gcc | 1.0.0 | 2.51 | 31.36 | 33.87 | NOTE | |
| r-devel-linux-x86_64-fedora-clang | 1.0.0 | 26.00 | 47.41 | 73.41 | OK | |
| r-devel-linux-x86_64-fedora-gcc | 1.0.0 | 10.00 | 73.90 | 83.90 | OK | |
| r-devel-windows-x86_64 | 1.0.0 | 8.00 | 57.00 | 65.00 | OK | |
| r-patched-linux-x86_64 | 1.0.0 | 3.44 | 37.70 | 41.14 | OK | |
| r-release-linux-x86_64 | 1.0.0 | 3.78 | 38.28 | 42.06 | OK | |
| r-release-macos-arm64 | 1.0.0 | 2.00 | 32.00 | 34.00 | OK | |
| r-release-macos-x86_64 | 1.0.0 | 4.00 | 53.00 | 57.00 | OK | |
| r-release-windows-x86_64 | 1.0.0 | 5.00 | 56.00 | 61.00 | OK | |
| r-oldrel-macos-arm64 | 1.0.0 | 2.00 | 34.00 | 36.00 | OK | |
| r-oldrel-macos-x86_64 | 1.0.0 | 3.00 | 46.00 | 49.00 | OK | |
| r-oldrel-windows-x86_64 | 1.0.0 | 10.00 | 66.00 | 76.00 | OK |
Version: 1.0.0
Check: CRAN incoming feasibility
Result: NOTE
Maintainer: ‘Carl Boettiger <cboettig@gmail.com>’
The BugReports field in DESCRIPTION has
https://github.com/ropensci/gbifdb
which should likely be
https://github.com/ropensci/gbifdb/issues
instead.
Flavors: r-devel-linux-x86_64-debian-clang, r-devel-linux-x86_64-debian-gcc