Last updated on 2025-02-20 01:50:33 CET.
Flavor | Version | Tinstall | Tcheck | Ttotal | Status | Flags |
---|---|---|---|---|---|---|
r-devel-linux-x86_64-debian-clang | 0.2.7 | 8.97 | 66.95 | 75.92 | OK | --no-vignettes |
r-devel-linux-x86_64-debian-gcc | 0.2.7 | 6.38 | 49.30 | 55.68 | OK | --no-vignettes |
r-devel-linux-x86_64-fedora-clang | 0.2.7 | 122.22 | OK | --no-vignettes | ||
r-devel-linux-x86_64-fedora-gcc | 0.2.7 | 115.73 | OK | --no-vignettes | ||
r-devel-macos-arm64 | 0.2.7 | 46.00 | OK | |||
r-devel-macos-x86_64 | 0.2.7 | 99.00 | OK | |||
r-patched-linux-x86_64 | 0.2.7 | 7.88 | 62.89 | 70.77 | NOTE | --no-vignettes |
r-release-linux-x86_64 | 0.2.7 | 8.00 | 62.18 | 70.18 | NOTE | --no-vignettes |
r-release-macos-arm64 | 0.2.7 | 49.00 | NOTE | |||
r-release-macos-x86_64 | 0.2.7 | 85.00 | NOTE | |||
r-oldrel-macos-arm64 | 0.2.7 | 57.00 | NOTE | |||
r-oldrel-macos-x86_64 | 0.2.7 | 78.00 | NOTE |
Version: 0.2.7
Flags: --no-vignettes
Check: package dependencies
Result: NOTE
Package suggested but not available for checking: ‘gputools’
Flavors: r-patched-linux-x86_64, r-release-linux-x86_64
Version: 0.2.7
Check: package dependencies
Result: NOTE
Package suggested but not available for checking: ‘gputools’
Flavors: r-release-macos-arm64, r-release-macos-x86_64, r-oldrel-macos-arm64, r-oldrel-macos-x86_64